CRAN Package Check Results for Package pak

Last updated on 2021-04-23 08:47:32 CEST.

Flavor Version Tinstall Tcheck Ttotal Status Flags
r-devel-linux-x86_64-debian-clang 0.1.2.1 8.46 47.43 55.89 NOTE
r-devel-linux-x86_64-debian-gcc 0.1.2.1 5.55 36.35 41.90 NOTE
r-devel-linux-x86_64-fedora-clang 0.1.2.1 76.84 NOTE
r-devel-linux-x86_64-fedora-gcc 0.1.2.1 64.41 NOTE
r-devel-windows-ix86+x86_64 0.1.2.1 14.00 52.00 66.00 NOTE
r-devel-windows-x86_64-gcc10-UCRT 0.1.2.1 NOTE
r-patched-linux-x86_64 0.1.2.1 9.21 45.99 55.20 NOTE
r-patched-solaris-x86 0.1.2.1 90.00 OK
r-release-linux-x86_64 0.1.2.1 7.60 43.86 51.46 OK
r-release-macos-x86_64 0.1.2.1 OK
r-release-windows-ix86+x86_64 0.1.2.1 15.00 46.00 61.00 OK
r-oldrel-macos-x86_64 0.1.2.1 OK
r-oldrel-windows-ix86+x86_64 0.1.2.1 26.00 54.00 80.00 OK

Check Details

Version: 0.1.2.1
Check: LazyData
Result: NOTE
     'LazyData' is specified without a 'data' directory
Flavors: r-devel-linux-x86_64-debian-clang, r-devel-linux-x86_64-debian-gcc, r-devel-linux-x86_64-fedora-clang, r-devel-linux-x86_64-fedora-gcc, r-devel-windows-ix86+x86_64, r-devel-windows-x86_64-gcc10-UCRT, r-patched-linux-x86_64

Version: 0.1.2.1
Check: package dependencies
Result: NOTE
    Imports includes 21 non-default packages.
    Importing from so many packages makes the package vulnerable to any of
    them becoming unavailable. Move as many as possible to Suggests and
    use conditionally.
Flavor: r-devel-linux-x86_64-fedora-clang