CRAN Package Check Results for Package paleoTS

Last updated on 2022-06-30 05:57:59 CEST.

Flavor Version Tinstall Tcheck Ttotal Status Flags
r-devel-linux-x86_64-debian-clang 0.5.2 7.36 59.70 67.06 OK
r-devel-linux-x86_64-debian-gcc 0.5.2 4.71 44.47 49.18 OK
r-devel-linux-x86_64-fedora-clang 0.5.2 88.31 NOTE
r-devel-linux-x86_64-fedora-gcc 0.5.2 87.34 NOTE
r-devel-windows-x86_64 0.5.2 34.00 85.00 119.00 OK
r-patched-linux-x86_64 0.5.2 9.20 56.21 65.41 OK
r-release-linux-x86_64 0.5.2 6.78 56.39 63.17 OK
r-release-macos-arm64 0.5.2 27.00 NOTE
r-release-macos-x86_64 0.5.2 36.00 NOTE
r-release-windows-x86_64 0.5.2 40.00 82.00 122.00 OK
r-oldrel-macos-arm64 0.5.2 33.00 NOTE
r-oldrel-macos-x86_64 0.5.2 46.00 NOTE
r-oldrel-windows-ix86+x86_64 0.5.2 12.00 78.00 90.00 OK

Check Details

Version: 0.5.2
Check: dependencies in R code
Result: NOTE
    Namespace in Imports field not imported from: ‘iterators’
     All declared Imports should be used.
Flavors: r-devel-linux-x86_64-fedora-clang, r-devel-linux-x86_64-fedora-gcc, r-release-macos-arm64, r-release-macos-x86_64, r-oldrel-macos-arm64, r-oldrel-macos-x86_64