CRAN Package Check Results for Package paleofire

Last updated on 2022-12-06 21:51:32 CET.

Flavor Version Tinstall Tcheck Ttotal Status Flags
r-devel-linux-x86_64-debian-clang 1.2.4 38.79 368.74 407.53 NOTE
r-devel-linux-x86_64-debian-gcc 1.2.4 27.13 268.74 295.87 NOTE
r-devel-linux-x86_64-fedora-clang 1.2.4 540.96 NOTE
r-devel-linux-x86_64-fedora-gcc 1.2.4 500.73 NOTE
r-devel-windows-x86_64 1.2.4 58.00 384.00 442.00 OK
r-patched-linux-x86_64 1.2.4 38.97 353.06 392.03 NOTE
r-release-linux-x86_64 1.2.4 40.43 347.30 387.73 NOTE
r-release-macos-arm64 1.2.4 103.00 OK
r-release-macos-x86_64 1.2.4 193.00 OK
r-release-windows-x86_64 1.2.4 60.00 389.00 449.00 OK
r-oldrel-macos-arm64 1.2.4 66.00 OK
r-oldrel-macos-x86_64 1.2.4 102.00 OK
r-oldrel-windows-ix86+x86_64 1.2.4 79.00 366.00 445.00 OK

Check Details

Version: 1.2.4
Check: package dependencies
Result: NOTE
    Package suggested but not available for checking: 'Imap'
Flavors: r-devel-linux-x86_64-debian-clang, r-devel-linux-x86_64-debian-gcc, r-devel-linux-x86_64-fedora-clang, r-devel-linux-x86_64-fedora-gcc, r-patched-linux-x86_64, r-release-linux-x86_64