Last updated on 2023-04-01 01:52:24 CEST.
Flavor | Version | Tinstall | Tcheck | Ttotal | Status | Flags |
---|---|---|---|---|---|---|
r-devel-linux-x86_64-debian-clang | 2.1.4 | 14.90 | 206.26 | 221.16 | OK | |
r-devel-linux-x86_64-debian-gcc | 2.1.4 | 11.94 | 152.31 | 164.25 | OK | |
r-devel-linux-x86_64-fedora-clang | 2.1.4 | 2114.43 | ERROR | |||
r-devel-linux-x86_64-fedora-gcc | 2.1.4 | 279.61 | OK | |||
r-devel-windows-x86_64 | 2.1.4 | 26.00 | 0.00 | 26.00 | OK | |
r-patched-linux-x86_64 | 2.1.4 | 19.19 | 199.62 | 218.81 | OK | |
r-release-linux-x86_64 | 2.1.4 | 13.94 | 199.26 | 213.20 | OK | |
r-release-macos-arm64 | 2.1.4 | 87.00 | OK | |||
r-release-macos-x86_64 | 2.1.4 | 118.00 | OK | |||
r-release-windows-x86_64 | 2.1.4 | 28.00 | 289.00 | 317.00 | OK | |
r-oldrel-macos-arm64 | 2.1.4 | 84.00 | OK | |||
r-oldrel-macos-x86_64 | 2.1.4 | 121.00 | OK | |||
r-oldrel-windows-ix86+x86_64 | 2.1.4 | 31.00 | 292.00 | 323.00 | OK |
Version: 2.1.4
Check: re-building of vignette outputs
Result: ERROR
Error(s) in re-building vignettes:
--- re-building ‘bison_example.Rmd’ using rmarkdown
OMP: Warning #96: Cannot form a team with 16 threads, using 2 instead.
OMP: Hint Consider unsetting KMP_DEVICE_THREAD_LIMIT (KMP_ALL_THREADS), KMP_TEAMS_THREAD_LIMIT, and OMP_THREAD_LIMIT (if any are set).
Flavor: r-devel-linux-x86_64-fedora-clang