CRAN Package Check Results for Package pammtools

Last updated on 2024-02-22 01:57:36 CET.

Flavor Version Tinstall Tcheck Ttotal Status Flags
r-devel-linux-x86_64-debian-clang 0.5.92 NOTE
r-devel-linux-x86_64-debian-gcc 0.5.92 14.89 144.51 159.40 NOTE
r-devel-linux-x86_64-fedora-clang 0.5.92 259.43 NOTE
r-devel-linux-x86_64-fedora-gcc 0.5.92 266.57 NOTE
r-devel-windows-x86_64 0.5.92 18.00 172.00 190.00 NOTE
r-patched-linux-x86_64 0.5.92 23.25 190.15 213.40 OK
r-release-linux-x86_64 0.5.92 18.93 190.75 209.68 OK
r-release-macos-arm64 0.5.92 72.00 OK
r-release-macos-x86_64 0.5.92 165.00 OK
r-release-windows-x86_64 0.5.92 23.00 207.00 230.00 OK
r-oldrel-macos-arm64 0.5.92 70.00 OK
r-oldrel-windows-x86_64 0.5.92 22.00 186.00 208.00 OK

Check Details

Version: 0.5.92
Check: Rd files
Result: NOTE checkRd: (-1) as_ped.Rd:91: Lost braces 91 | variables that were used to create the PED object (code{data}).} | ^ Flavors: r-devel-linux-x86_64-debian-clang, r-devel-linux-x86_64-debian-gcc

Version: 0.5.92
Check: Rd \usage sections
Result: NOTE Documented arguments not in \usage in Rd file 'dplyr_verbs.Rd': ‘funs’ ‘.dots’ ‘keep_attributes’ Documented arguments not in \usage in Rd file 'nest_tdc.Rd': ‘vars’ ‘id’ Functions with \usage entries need to have the appropriate \alias entries, and all their arguments documented. The \usage entries must correspond to syntactically valid R code. See chapter ‘Writing R documentation files’ in the ‘Writing R Extensions’ manual. Flavors: r-devel-linux-x86_64-debian-clang, r-devel-linux-x86_64-debian-gcc, r-devel-linux-x86_64-fedora-clang, r-devel-linux-x86_64-fedora-gcc, r-devel-windows-x86_64