CRAN Package Check Results for Package pamr

Last updated on 2019-09-17 23:47:19 CEST.

Flavor Version Tinstall Tcheck Ttotal Status Flags
r-devel-linux-x86_64-debian-clang 1.56.1 7.43 64.92 72.35 OK
r-devel-linux-x86_64-debian-gcc 1.56.1 7.61 51.18 58.79 OK
r-devel-linux-x86_64-fedora-clang 1.56.1 89.50 NOTE
r-devel-linux-x86_64-fedora-gcc 1.56.1 91.08 NOTE
r-devel-windows-ix86+x86_64 1.56.1 26.00 105.00 131.00 OK
r-patched-linux-x86_64 1.56.1 8.76 63.68 72.44 OK
r-patched-solaris-x86 1.56.1 140.40 OK
r-release-linux-x86_64 1.56.1 8.61 63.54 72.15 OK
r-release-windows-ix86+x86_64 1.56.1 15.00 132.00 147.00 OK
r-release-osx-x86_64 1.56.1 OK
r-oldrel-windows-ix86+x86_64 1.56.1 18.00 98.00 116.00 OK
r-oldrel-osx-x86_64 1.56.1 OK

Check Details

Version: 1.56.1
Check: compiled code
Result: NOTE
    File ‘pamr/libs/pamr.so’:
     Found no calls to: ‘R_registerRoutines’, ‘R_useDynamicSymbols’
    
    It is good practice to register native routines and to disable symbol
    search.
    
    See ‘Writing portable packages’ in the ‘Writing R Extensions’ manual.
Flavors: r-devel-linux-x86_64-fedora-clang, r-devel-linux-x86_64-fedora-gcc