Last updated on 2025-01-20 15:48:30 CET.
Flavor | Version | Tinstall | Tcheck | Ttotal | Status | Flags |
---|---|---|---|---|---|---|
r-devel-linux-x86_64-debian-clang | 0.6.5 | 22.08 | 77.26 | 99.34 | NOTE | |
r-devel-linux-x86_64-debian-gcc | 0.6.5 | 16.29 | 54.64 | 70.93 | NOTE | |
r-devel-linux-x86_64-fedora-clang | 0.6.5 | 175.81 | NOTE | |||
r-devel-linux-x86_64-fedora-gcc | 0.6.5 | 176.03 | NOTE | |||
r-devel-windows-x86_64 | 0.6.5 | 25.00 | 123.00 | 148.00 | NOTE | |
r-patched-linux-x86_64 | 0.6.5 | 21.56 | 71.12 | 92.68 | NOTE | |
r-release-linux-x86_64 | 0.6.5 | 19.99 | 72.17 | 92.16 | NOTE | |
r-release-macos-arm64 | 0.6.5 | 58.00 | NOTE | |||
r-release-macos-x86_64 | 0.6.5 | 79.00 | NOTE | |||
r-release-windows-x86_64 | 0.6.5 | 28.00 | 127.00 | 155.00 | NOTE | |
r-oldrel-macos-arm64 | 0.6.5 | 60.00 | OK | |||
r-oldrel-macos-x86_64 | 0.6.5 | 93.00 | OK | |||
r-oldrel-windows-x86_64 | 0.6.5 | 28.00 | 148.00 | 176.00 | OK |
Version: 0.6.5
Check: Rd files
Result: NOTE
checkRd: (-1) Pandoc.convert.Rd:42: Lost braces
42 | Calling John MacFarlane's great program to convert specified file (see \code{f} parameter below) or character vector {see \code{text} paramater} to other formats like \code{HTML}, \code{pdf}, \code{docx}, \code{odt} etc.
| ^
Flavors: r-devel-linux-x86_64-debian-clang, r-devel-linux-x86_64-debian-gcc, r-devel-linux-x86_64-fedora-clang, r-devel-linux-x86_64-fedora-gcc, r-devel-windows-x86_64, r-patched-linux-x86_64, r-release-linux-x86_64, r-release-macos-arm64, r-release-macos-x86_64, r-release-windows-x86_64