CRAN Package Check Results for Package panelvar

Last updated on 2020-01-27 04:48:14 CET.

Flavor Version Tinstall Tcheck Ttotal Status Flags
r-devel-linux-x86_64-debian-clang 0.5.2 15.02 97.21 112.23 OK
r-devel-linux-x86_64-debian-gcc 0.5.2 11.95 73.77 85.72 OK
r-devel-linux-x86_64-fedora-clang 0.5.2 128.88 NOTE
r-devel-linux-x86_64-fedora-gcc 0.5.2 128.55 NOTE
r-devel-windows-ix86+x86_64 0.5.2 39.00 134.00 173.00 OK
r-devel-windows-ix86+x86_64-gcc8 0.5.2 37.00 115.00 152.00 OK
r-patched-linux-x86_64 0.5.2 10.99 83.88 94.87 OK
r-patched-solaris-x86 0.5.2 174.60 NOTE
r-release-linux-x86_64 0.5.2 11.90 83.46 95.36 OK
r-release-windows-ix86+x86_64 0.5.2 20.00 89.00 109.00 OK
r-release-osx-x86_64 0.5.2 NOTE
r-oldrel-windows-ix86+x86_64 0.5.2 15.00 93.00 108.00 OK
r-oldrel-osx-x86_64 0.5.2 NOTE

Check Details

Version: 0.5.2
Check: dependencies in R code
Result: NOTE
    Namespace in Imports field not imported from: ‘methods’
     All declared Imports should be used.
Flavors: r-devel-linux-x86_64-fedora-clang, r-devel-linux-x86_64-fedora-gcc, r-patched-solaris-x86, r-release-osx-x86_64, r-oldrel-osx-x86_64