CRAN Package Check Results for Package panelvar

Last updated on 2019-09-15 08:47:24 CEST.

Flavor Version Tinstall Tcheck Ttotal Status Flags
r-devel-linux-x86_64-debian-clang 0.5.2 13.87 89.07 102.94 OK
r-devel-linux-x86_64-debian-gcc 0.5.2 12.13 68.79 80.92 OK
r-devel-linux-x86_64-fedora-clang 0.5.2 119.48 NOTE
r-devel-linux-x86_64-fedora-gcc 0.5.2 129.93 NOTE
r-devel-windows-ix86+x86_64 0.5.2 40.00 97.00 137.00 OK
r-patched-linux-x86_64 0.5.2 13.61 86.13 99.74 OK
r-patched-solaris-x86 0.5.2 178.10 NOTE
r-release-linux-x86_64 0.5.2 12.70 85.66 98.36 OK
r-release-windows-ix86+x86_64 0.5.2 26.00 132.00 158.00 OK
r-release-osx-x86_64 0.5.2 NOTE
r-oldrel-windows-ix86+x86_64 0.5.2 21.00 92.00 113.00 OK
r-oldrel-osx-x86_64 0.5.2 NOTE

Check Details

Version: 0.5.2
Check: dependencies in R code
Result: NOTE
    Namespace in Imports field not imported from: ‘methods’
     All declared Imports should be used.
Flavors: r-devel-linux-x86_64-fedora-clang, r-devel-linux-x86_64-fedora-gcc, r-patched-solaris-x86, r-release-osx-x86_64, r-oldrel-osx-x86_64