CRAN Package Check Results for Package parallelMap

Last updated on 2020-09-23 18:26:46 CEST.

Flavor Version Tinstall Tcheck Ttotal Status Flags
r-devel-linux-x86_64-debian-clang 1.5.0 3.19 51.06 54.25 OK
r-devel-linux-x86_64-debian-gcc 1.5.0 2.49 42.51 45.00 OK
r-devel-linux-x86_64-fedora-clang 1.5.0 72.63 OK
r-devel-windows-ix86+x86_64 1.5.0 8.00 81.00 89.00 OK
r-patched-linux-x86_64 1.5.0 2.96 50.05 53.01 OK
r-patched-solaris-x86 1.5.0 115.00 OK
r-release-linux-x86_64 1.5.0 3.19 49.89 53.08 OK
r-release-macos-x86_64 1.5.0 NOTE
r-release-windows-ix86+x86_64 1.5.0 5.00 76.00 81.00 OK
r-oldrel-macos-x86_64 1.5.0 NOTE
r-oldrel-windows-ix86+x86_64 1.5.0 4.00 83.00 87.00 OK

Check Details

Version: 1.5.0
Check: package dependencies
Result: NOTE
    Package suggested but not available for checking: ‘Rmpi’
Flavors: r-release-macos-x86_64, r-oldrel-macos-x86_64