CRAN Package Check Results for Package parallelSVM

Last updated on 2018-02-24 07:50:09 CET.

Flavor Version Tinstall Tcheck Ttotal Status Flags
r-devel-linux-x86_64-debian-clang 0.1-9 1.18 20.24 21.42 NOTE
r-devel-linux-x86_64-debian-gcc 0.1-9 1.05 16.16 17.21 NOTE
r-devel-linux-x86_64-fedora-clang 0.1-9 25.36 NOTE
r-devel-linux-x86_64-fedora-gcc 0.1-9 24.26 NOTE
r-devel-windows-ix86+x86_64 0.1-9 6.00 44.00 50.00 NOTE
r-patched-linux-x86_64 0.1-9 1.06 20.01 21.07 NOTE
r-patched-solaris-x86 0.1-9 34.50 NOTE
r-release-linux-x86_64 0.1-9 0.95 19.34 20.29 NOTE
r-release-windows-ix86+x86_64 0.1-9 5.00 42.00 47.00 NOTE
r-release-osx-x86_64 0.1-9 NOTE
r-oldrel-windows-ix86+x86_64 0.1-9 2.00 38.00 40.00 NOTE
r-oldrel-osx-x86_64 0.1-9 NOTE

Check Details

Version: 0.1-9
Check: R code for possible problems
Result: NOTE
    parallelSVM.default: no visible binding for global variable ‘na.omit’
    parallelSVM.formula: no visible binding for global variable ‘na.omit’
    predict.parallelSVM: no visible binding for global variable ‘predict’
    Undefined global functions or variables:
     na.omit predict
    Consider adding
     importFrom("stats", "na.omit", "predict")
    to your NAMESPACE file.
Flavors: r-devel-linux-x86_64-debian-clang, r-devel-linux-x86_64-debian-gcc, r-devel-linux-x86_64-fedora-clang, r-devel-linux-x86_64-fedora-gcc, r-devel-windows-ix86+x86_64, r-patched-linux-x86_64, r-patched-solaris-x86, r-release-linux-x86_64, r-release-windows-ix86+x86_64, r-release-osx-x86_64, r-oldrel-windows-ix86+x86_64, r-oldrel-osx-x86_64