CRAN Package Check Results for Package parallelSVM

Last updated on 2018-11-15 06:47:32 CET.

Flavor Version Tinstall Tcheck Ttotal Status Flags
r-devel-linux-x86_64-debian-clang 0.1-9 1.39 22.68 24.07 NOTE
r-devel-linux-x86_64-debian-gcc 0.1-9 1.07 18.34 19.41 NOTE
r-devel-linux-x86_64-fedora-clang 0.1-9 28.11 NOTE
r-devel-linux-x86_64-fedora-gcc 0.1-9 26.61 NOTE
r-devel-windows-ix86+x86_64 0.1-9 2.00 47.00 49.00 NOTE
r-patched-linux-x86_64 0.1-9 0.97 20.31 21.28 NOTE
r-patched-solaris-x86 0.1-9 41.70 NOTE
r-release-linux-x86_64 0.1-9 1.26 20.34 21.60 NOTE
r-release-windows-ix86+x86_64 0.1-9 5.00 51.00 56.00 NOTE
r-release-osx-x86_64 0.1-9 NOTE
r-oldrel-windows-ix86+x86_64 0.1-9 4.00 31.00 35.00 NOTE
r-oldrel-osx-x86_64 0.1-9 NOTE

Check Details

Version: 0.1-9
Check: R code for possible problems
Result: NOTE
    parallelSVM.default: no visible binding for global variable ‘na.omit’
    parallelSVM.formula: no visible binding for global variable ‘na.omit’
    predict.parallelSVM: no visible binding for global variable ‘predict’
    Undefined global functions or variables:
     na.omit predict
    Consider adding
     importFrom("stats", "na.omit", "predict")
    to your NAMESPACE file.
Flavors: r-devel-linux-x86_64-debian-clang, r-devel-linux-x86_64-debian-gcc, r-devel-linux-x86_64-fedora-clang, r-devel-linux-x86_64-fedora-gcc, r-devel-windows-ix86+x86_64, r-patched-linux-x86_64, r-patched-solaris-x86, r-release-linux-x86_64, r-release-windows-ix86+x86_64, r-release-osx-x86_64, r-oldrel-windows-ix86+x86_64, r-oldrel-osx-x86_64