CRAN Package Check Results for Package parallelSVM

Last updated on 2018-05-23 12:48:31 CEST.

Flavor Version Tinstall Tcheck Ttotal Status Flags
r-devel-linux-x86_64-debian-clang 0.1-9 0.92 21.06 21.98 NOTE
r-devel-linux-x86_64-debian-gcc 0.1-9 0.89 16.93 17.82 NOTE
r-devel-linux-x86_64-fedora-clang 0.1-9 26.58 NOTE
r-devel-linux-x86_64-fedora-gcc 0.1-9 25.01 NOTE
r-devel-windows-ix86+x86_64 0.1-9 4.00 43.00 47.00 NOTE
r-patched-linux-x86_64 0.1-9 1.26 20.18 21.44 NOTE
r-patched-solaris-x86 0.1-9 41.90 NOTE
r-release-linux-x86_64 0.1-9 1.37 20.05 21.42 NOTE
r-release-windows-ix86+x86_64 0.1-9 4.00 49.00 53.00 NOTE
r-release-osx-x86_64 0.1-9 NOTE
r-oldrel-windows-ix86+x86_64 0.1-9 5.00 30.00 35.00 NOTE
r-oldrel-osx-x86_64 0.1-9 NOTE

Check Details

Version: 0.1-9
Check: R code for possible problems
Result: NOTE
    parallelSVM.default: no visible binding for global variable ‘na.omit’
    parallelSVM.formula: no visible binding for global variable ‘na.omit’
    predict.parallelSVM: no visible binding for global variable ‘predict’
    Undefined global functions or variables:
     na.omit predict
    Consider adding
     importFrom("stats", "na.omit", "predict")
    to your NAMESPACE file.
Flavors: r-devel-linux-x86_64-debian-clang, r-devel-linux-x86_64-debian-gcc, r-devel-linux-x86_64-fedora-clang, r-devel-linux-x86_64-fedora-gcc, r-devel-windows-ix86+x86_64, r-patched-linux-x86_64, r-patched-solaris-x86, r-release-linux-x86_64, r-release-windows-ix86+x86_64, r-release-osx-x86_64, r-oldrel-windows-ix86+x86_64, r-oldrel-osx-x86_64