CRAN Package Check Results for Package parmsurvfit

Last updated on 2024-02-27 17:49:26 CET.

Flavor Version Tinstall Tcheck Ttotal Status Flags
r-devel-linux-x86_64-debian-clang 0.1.0 11.03 110.15 121.18 OK
r-devel-linux-x86_64-debian-gcc 0.1.0 9.40 81.97 91.37 OK
r-devel-linux-x86_64-fedora-clang 0.1.0 145.80 NOTE
r-devel-linux-x86_64-fedora-gcc 0.1.0 152.29 NOTE
r-devel-windows-x86_64 0.1.0 10.00 102.00 112.00 OK
r-patched-linux-x86_64 0.1.0 9.30 106.43 115.73 OK
r-release-linux-x86_64 0.1.0 7.15 106.89 114.04 OK
r-release-macos-arm64 0.1.0 43.00 OK
r-release-macos-x86_64 0.1.0 84.00 OK
r-release-windows-x86_64 0.1.0 14.00 113.00 127.00 OK
r-oldrel-macos-arm64 0.1.0 34.00 NOTE
r-oldrel-windows-x86_64 0.1.0 14.00 114.00 128.00 OK

Check Details

Version: 0.1.0
Check: dependencies in R code
Result: NOTE Namespace in Imports field not imported from: ‘flexsurv’ All declared Imports should be used. Flavors: r-devel-linux-x86_64-fedora-clang, r-devel-linux-x86_64-fedora-gcc, r-oldrel-macos-arm64