CRAN Package Check Results for Package parmsurvfit

Last updated on 2021-06-24 00:48:52 CEST.

Flavor Version Tinstall Tcheck Ttotal Status Flags
r-devel-linux-x86_64-debian-clang 0.1.0 9.37 99.09 108.46 OK
r-devel-linux-x86_64-debian-gcc 0.1.0 7.59 76.20 83.79 OK
r-devel-linux-x86_64-fedora-clang 0.1.0 136.60 NOTE
r-devel-linux-x86_64-fedora-gcc 0.1.0 129.40 NOTE
r-devel-windows-x86_64 0.1.0 16.00 105.00 121.00 OK
r-devel-windows-x86_64-gcc10-UCRT 0.1.0 NOTE
r-patched-linux-x86_64 0.1.0 11.16 92.78 103.94 OK
r-patched-solaris-x86 0.1.0 181.90 NOTE
r-release-linux-x86_64 0.1.0 9.14 92.35 101.49 OK
r-release-macos-arm64 0.1.0 NOTE
r-release-macos-x86_64 0.1.0 NOTE
r-release-windows-ix86+x86_64 0.1.0 16.00 123.00 139.00 OK
r-oldrel-macos-x86_64 0.1.0 NOTE

Check Details

Version: 0.1.0
Check: dependencies in R code
Result: NOTE
    Namespace in Imports field not imported from: ‘flexsurv’
     All declared Imports should be used.
Flavors: r-devel-linux-x86_64-fedora-clang, r-devel-linux-x86_64-fedora-gcc, r-devel-windows-x86_64-gcc10-UCRT, r-patched-solaris-x86, r-release-macos-arm64, r-release-macos-x86_64, r-oldrel-macos-x86_64