Last updated on 2023-10-01 13:55:48 CEST.
Flavor | Version | Tinstall | Tcheck | Ttotal | Status | Flags |
---|---|---|---|---|---|---|
r-devel-linux-x86_64-debian-clang | 0.5.6.1 | 8.76 | 98.30 | 107.06 | NOTE | |
r-devel-linux-x86_64-debian-gcc | 0.5.6.1 | 7.10 | 72.83 | 79.93 | NOTE | |
r-devel-linux-x86_64-fedora-clang | 0.5.6.1 | 134.36 | NOTE | |||
r-devel-linux-x86_64-fedora-gcc | 0.5.6.1 | 145.55 | NOTE | |||
r-devel-windows-x86_64 | 0.5.6.1 | 9.00 | 106.00 | 115.00 | NOTE | |
r-patched-linux-x86_64 | 0.5.6.1 | 7.07 | 94.27 | 101.34 | OK | |
r-release-linux-x86_64 | 0.5.6.1 | 5.95 | 95.58 | 101.53 | OK | |
r-release-macos-arm64 | 0.5.6.1 | 60.00 | OK | |||
r-release-macos-x86_64 | 0.5.6.1 | 114.00 | OK | |||
r-release-windows-x86_64 | 0.5.6.1 | 11.00 | 120.00 | 131.00 | OK | |
r-oldrel-macos-arm64 | 0.5.6.1 | 56.00 | OK | |||
r-oldrel-macos-x86_64 | 0.5.6.1 | 82.00 | OK | |||
r-oldrel-windows-x86_64 | 0.5.6.1 | 13.00 | 113.00 | 126.00 | OK |
Version: 0.5.6.1
Check: Rd \usage sections
Result: NOTE
Documented arguments not in \usage in documentation object 'expect_missing_argument':
‘message’
Functions with \usage entries need to have the appropriate \alias
entries, and all their arguments documented.
The \usage entries must correspond to syntactically valid R code.
See chapter ‘Writing R documentation files’ in the ‘Writing R
Extensions’ manual.
Flavors: r-devel-linux-x86_64-debian-clang, r-devel-linux-x86_64-debian-gcc, r-devel-linux-x86_64-fedora-clang, r-devel-linux-x86_64-fedora-gcc, r-devel-windows-x86_64