CRAN Package Check Results for Package parsemsf

Last updated on 2018-05-27 08:47:50 CEST.

Flavor Version Tinstall Tcheck Ttotal Status Flags
r-devel-linux-x86_64-debian-clang 0.1.1 3.13 44.07 47.20 OK
r-devel-linux-x86_64-debian-gcc 0.1.1 2.11 34.84 36.95 OK
r-devel-linux-x86_64-fedora-clang 0.1.1 54.84 NOTE
r-devel-linux-x86_64-fedora-gcc 0.1.1 54.67 NOTE
r-devel-windows-ix86+x86_64 0.1.1 7.00 57.00 64.00 OK
r-patched-linux-x86_64 0.1.1 1.63 40.02 41.65 OK
r-patched-solaris-x86 0.1.1 75.20 NOTE
r-release-linux-x86_64 0.1.1 2.25 39.41 41.66 OK
r-release-windows-ix86+x86_64 0.1.1 11.00 74.00 85.00 OK
r-release-osx-x86_64 0.1.1 NOTE
r-oldrel-windows-ix86+x86_64 0.1.1 6.00 56.00 62.00 OK
r-oldrel-osx-x86_64 0.1.1 NOTE

Check Details

Version: 0.1.1
Check: dependencies in R code
Result: NOTE
    Namespace in Imports field not imported from: ‘dbplyr’
     All declared Imports should be used.
Flavors: r-devel-linux-x86_64-fedora-clang, r-devel-linux-x86_64-fedora-gcc, r-patched-solaris-x86, r-release-osx-x86_64, r-oldrel-osx-x86_64