CRAN Package Check Results for Package parsemsf

Last updated on 2018-10-21 17:54:20 CEST.

Flavor Version Tinstall Tcheck Ttotal Status Flags
r-devel-linux-x86_64-debian-clang 0.1.1 3.07 46.59 49.66 OK
r-devel-linux-x86_64-debian-gcc 0.1.1 2.31 36.44 38.75 OK
r-devel-linux-x86_64-fedora-clang 0.1.1 58.21 NOTE
r-devel-linux-x86_64-fedora-gcc 0.1.1 55.55 NOTE
r-devel-windows-ix86+x86_64 0.1.1 8.00 104.00 112.00 OK
r-patched-linux-x86_64 0.1.1 2.55 40.08 42.63 OK
r-patched-solaris-x86 0.1.1 76.10 NOTE
r-release-linux-x86_64 0.1.1 2.35 40.10 42.45 OK
r-release-windows-ix86+x86_64 0.1.1 8.00 75.00 83.00 OK
r-release-osx-x86_64 0.1.1 NOTE
r-oldrel-windows-ix86+x86_64 0.1.1 6.00 87.00 93.00 OK
r-oldrel-osx-x86_64 0.1.1 NOTE

Check Details

Version: 0.1.1
Check: dependencies in R code
Result: NOTE
    Namespace in Imports field not imported from: ‘dbplyr’
     All declared Imports should be used.
Flavors: r-devel-linux-x86_64-fedora-clang, r-devel-linux-x86_64-fedora-gcc, r-patched-solaris-x86, r-release-osx-x86_64, r-oldrel-osx-x86_64