CRAN Package Check Results for Package parsemsf

Last updated on 2018-08-18 12:50:15 CEST.

Flavor Version Tinstall Tcheck Ttotal Status Flags
r-devel-linux-x86_64-debian-clang 0.1.1 2.91 45.48 48.39 OK
r-devel-linux-x86_64-debian-gcc 0.1.1 2.05 36.25 38.30 OK
r-devel-linux-x86_64-fedora-clang 0.1.1 57.02 NOTE
r-devel-linux-x86_64-fedora-gcc 0.1.1 53.84 NOTE
r-devel-windows-ix86+x86_64 0.1.1 9.00 85.00 94.00 OK
r-patched-linux-x86_64 0.1.1 2.45 39.88 42.33 OK
r-patched-solaris-x86 0.1.1 79.00 NOTE
r-release-linux-x86_64 0.1.1 2.40 40.09 42.49 OK
r-release-windows-ix86+x86_64 0.1.1 8.00 70.00 78.00 OK
r-release-osx-x86_64 0.1.1 NOTE
r-oldrel-windows-ix86+x86_64 0.1.1 5.00 54.00 59.00 OK
r-oldrel-osx-x86_64 0.1.1 NOTE

Check Details

Version: 0.1.1
Check: dependencies in R code
Result: NOTE
    Namespace in Imports field not imported from: ‘dbplyr’
     All declared Imports should be used.
Flavors: r-devel-linux-x86_64-fedora-clang, r-devel-linux-x86_64-fedora-gcc, r-patched-solaris-x86, r-release-osx-x86_64, r-oldrel-osx-x86_64