CRAN Package Check Results for Package parsemsf

Last updated on 2019-01-22 01:51:04 CET.

Flavor Version Tinstall Tcheck Ttotal Status Flags
r-devel-linux-x86_64-debian-clang 0.1.1 2.49 44.00 46.49 OK
r-devel-linux-x86_64-debian-gcc 0.1.1 2.17 34.14 36.31 OK
r-devel-linux-x86_64-fedora-clang 0.1.1 55.10 NOTE
r-devel-linux-x86_64-fedora-gcc 0.1.1 51.56 NOTE
r-devel-windows-ix86+x86_64 0.1.1 8.00 53.00 61.00 OK
r-patched-linux-x86_64 0.1.1 2.34 40.32 42.66 OK
r-patched-solaris-x86 0.1.1 84.10 NOTE
r-release-linux-x86_64 0.1.1 2.47 40.33 42.80 OK
r-release-windows-ix86+x86_64 0.1.1 11.00 87.00 98.00 OK
r-release-osx-x86_64 0.1.1 NOTE
r-oldrel-windows-ix86+x86_64 0.1.1 7.00 61.00 68.00 OK
r-oldrel-osx-x86_64 0.1.1 NOTE

Check Details

Version: 0.1.1
Check: dependencies in R code
Result: NOTE
    Namespace in Imports field not imported from: ‘dbplyr’
     All declared Imports should be used.
Flavors: r-devel-linux-x86_64-fedora-clang, r-devel-linux-x86_64-fedora-gcc, r-patched-solaris-x86, r-release-osx-x86_64, r-oldrel-osx-x86_64