CRAN Package Check Results for Package particles

Last updated on 2019-03-24 22:49:49 CET.

Flavor Version Tinstall Tcheck Ttotal Status Flags
r-devel-linux-x86_64-debian-clang 0.2.2 40.02 87.21 127.23 WARN
r-devel-linux-x86_64-debian-gcc 0.2.2 33.44 69.39 102.83 OK
r-devel-linux-x86_64-fedora-clang 0.2.2 176.64 NOTE
r-devel-linux-x86_64-fedora-gcc 0.2.2 163.05 NOTE
r-devel-windows-ix86+x86_64 0.2.2 124.00 171.00 295.00 OK
r-patched-linux-x86_64 0.2.2 36.53 86.89 123.42 OK
r-patched-solaris-x86 0.2.2 199.60 NOTE
r-release-linux-x86_64 0.2.2 40.17 88.45 128.62 OK
r-release-windows-ix86+x86_64 0.2.2 92.00 136.00 228.00 OK
r-release-osx-x86_64 0.2.2 NOTE
r-oldrel-windows-ix86+x86_64 0.2.2 87.00 145.00 232.00 OK
r-oldrel-osx-x86_64 0.2.2 NOTE

Check Details

Version: 0.2.2
Check: whether package can be installed
Result: WARN
    Found the following significant warnings:
     Warning: unable to re-encode 'map_force.R' line 7
Flavor: r-devel-linux-x86_64-debian-clang

Version: 0.2.2
Check: dependencies in R code
Result: NOTE
    Namespace in Imports field not imported from: ‘dplyr’
     All declared Imports should be used.
Flavors: r-devel-linux-x86_64-fedora-clang, r-devel-linux-x86_64-fedora-gcc, r-patched-solaris-x86, r-release-osx-x86_64, r-oldrel-osx-x86_64