CRAN Package Check Results for Package particles

Last updated on 2018-06-19 06:48:23 CEST.

Flavor Version Tinstall Tcheck Ttotal Status Flags
r-devel-linux-x86_64-debian-clang 0.2.1 39.33 86.30 125.63 OK
r-devel-linux-x86_64-debian-gcc 0.2.1 31.64 77.46 109.10 OK
r-devel-linux-x86_64-fedora-clang 0.2.1 178.86 NOTE
r-devel-linux-x86_64-fedora-gcc 0.2.1 164.51 NOTE
r-devel-windows-ix86+x86_64 0.2.1 118.00 192.00 310.00 OK
r-patched-linux-x86_64 0.2.1 39.47 86.34 125.81 OK
r-patched-solaris-x86 0.2.1 198.10 NOTE
r-release-linux-x86_64 0.2.1 35.98 84.81 120.79 OK
r-release-windows-ix86+x86_64 0.2.1 83.00 193.00 276.00 OK
r-release-osx-x86_64 0.2.1 NOTE
r-oldrel-windows-ix86+x86_64 0.2.1 81.00 182.00 263.00 OK
r-oldrel-osx-x86_64 0.2.1 NOTE

Check Details

Version: 0.2.1
Check: dependencies in R code
Result: NOTE
    Namespace in Imports field not imported from: ‘dplyr’
     All declared Imports should be used.
Flavors: r-devel-linux-x86_64-fedora-clang, r-devel-linux-x86_64-fedora-gcc, r-patched-solaris-x86, r-release-osx-x86_64, r-oldrel-osx-x86_64