CRAN Package Check Results for Package particles

Last updated on 2018-09-22 18:47:38 CEST.

Flavor Version Tinstall Tcheck Ttotal Status Flags
r-devel-linux-x86_64-debian-clang 0.2.1 38.65 99.82 138.47 OK
r-devel-linux-x86_64-debian-gcc 0.2.1 34.22 78.66 112.88 OK
r-devel-linux-x86_64-fedora-clang 0.2.1 184.45 NOTE
r-devel-linux-x86_64-fedora-gcc 0.2.1 171.77 NOTE
r-devel-windows-ix86+x86_64 0.2.1 128.00 150.00 278.00 OK
r-patched-linux-x86_64 0.2.1 45.85 85.54 131.39 OK
r-patched-solaris-x86 0.2.1 195.10 NOTE
r-release-linux-x86_64 0.2.1 44.11 84.55 128.66 OK
r-release-windows-ix86+x86_64 0.2.1 90.00 163.00 253.00 OK
r-release-osx-x86_64 0.2.1 NOTE
r-oldrel-windows-ix86+x86_64 0.2.1 90.00 132.00 222.00 OK
r-oldrel-osx-x86_64 0.2.1 NOTE

Check Details

Version: 0.2.1
Check: dependencies in R code
Result: NOTE
    Namespace in Imports field not imported from: ‘dplyr’
     All declared Imports should be used.
Flavors: r-devel-linux-x86_64-fedora-clang, r-devel-linux-x86_64-fedora-gcc, r-patched-solaris-x86, r-release-osx-x86_64, r-oldrel-osx-x86_64