CRAN Package Check Results for Package particles

Last updated on 2018-12-10 00:46:57 CET.

Flavor Version Tinstall Tcheck Ttotal Status Flags
r-devel-linux-x86_64-debian-clang 0.2.1 38.34 91.18 129.52 OK
r-devel-linux-x86_64-debian-gcc 0.2.1 35.33 70.44 105.77 OK
r-devel-linux-x86_64-fedora-clang 0.2.1 171.06 NOTE
r-devel-linux-x86_64-fedora-gcc 0.2.1 164.93 NOTE
r-devel-windows-ix86+x86_64 0.2.1 112.00 133.00 245.00 OK
r-patched-linux-x86_64 0.2.1 28.82 85.62 114.44 OK
r-patched-solaris-x86 0.2.1 203.00 NOTE
r-release-linux-x86_64 0.2.1 36.38 83.98 120.36 OK
r-release-windows-ix86+x86_64 0.2.1 77.00 130.00 207.00 OK
r-release-osx-x86_64 0.2.1 NOTE
r-oldrel-windows-ix86+x86_64 0.2.1 82.00 132.00 214.00 OK
r-oldrel-osx-x86_64 0.2.1 NOTE

Check Details

Version: 0.2.1
Check: dependencies in R code
Result: NOTE
    Namespace in Imports field not imported from: ‘dplyr’
     All declared Imports should be used.
Flavors: r-devel-linux-x86_64-fedora-clang, r-devel-linux-x86_64-fedora-gcc, r-patched-solaris-x86, r-release-osx-x86_64, r-oldrel-osx-x86_64