CRAN Package Check Results for Package partools

Last updated on 2024-06-19 11:23:51 CEST.

Flavor Version Tinstall Tcheck Ttotal Status Flags
r-devel-linux-x86_64-debian-clang 1.1.6 12.78 124.56 137.34 NOTE
r-devel-linux-x86_64-debian-gcc 1.1.6 11.40 91.31 102.71 NOTE
r-devel-linux-x86_64-fedora-clang 1.1.6 177.14 NOTE
r-devel-linux-x86_64-fedora-gcc 1.1.6 171.74 NOTE
r-devel-windows-x86_64 1.1.6 11.00 122.00 133.00 OK
r-patched-linux-x86_64 1.1.6 11.91 117.31 129.22 NOTE
r-release-linux-x86_64 1.1.6 11.81 117.27 129.08 NOTE
r-release-macos-arm64 1.1.6 63.00 OK
r-release-macos-x86_64 1.1.6 89.00 OK
r-release-windows-x86_64 1.1.6 12.00 123.00 135.00 OK
r-oldrel-macos-arm64 1.1.6 69.00 OK
r-oldrel-macos-x86_64 1.1.6 108.00 OK
r-oldrel-windows-x86_64 1.1.6 16.00 145.00 161.00 OK

Check Details

Version: 1.1.6
Check: for non-standard things in the check directory
Result: NOTE Found the following files/directories: ‘co2’ ‘co2.1’ ‘co2.2’ ‘co2s.1’ ‘co2s.2’ ‘ctm.1’ ‘ctm.2’ ‘m’ ‘m.1’ ‘m.2’ ‘test’ ‘test.1’ ‘test.2’ ‘testa.1’ ‘testa.2’ ‘xfile.1’ ‘xfile.2’ Flavors: r-devel-linux-x86_64-debian-clang, r-devel-linux-x86_64-debian-gcc, r-devel-linux-x86_64-fedora-clang, r-devel-linux-x86_64-fedora-gcc, r-patched-linux-x86_64, r-release-linux-x86_64

Version: 1.1.6
Check: whether startup messages can be suppressed
Result: NOTE OMP: Warning #96: Cannot form a team with 24 threads, using 2 instead. OMP: Hint Consider unsetting KMP_DEVICE_THREAD_LIMIT (KMP_ALL_THREADS), KMP_TEAMS_THREAD_LIMIT, and OMP_THREAD_LIMIT (if any are set). It looks like this package (or a package it requires) has a startup message which cannot be suppressed: see ?packageStartupMessage. Flavor: r-devel-linux-x86_64-fedora-clang