CRAN Package Check Results for Package partykit

Last updated on 2018-08-21 16:50:34 CEST.

Flavor Version Tinstall Tcheck Ttotal Status Flags
r-devel-linux-x86_64-debian-clang 1.2-2 13.40 305.00 318.40 OK
r-devel-linux-x86_64-debian-gcc 1.2-2 11.21 252.36 263.57 OK
r-devel-linux-x86_64-fedora-clang 1.2-2 388.99 OK
r-devel-linux-x86_64-fedora-gcc 1.2-2 381.88 OK
r-devel-windows-ix86+x86_64 1.2-2 26.00 618.00 644.00 OK
r-patched-linux-x86_64 1.2-2 11.20 287.93 299.13 OK
r-patched-solaris-x86 1.2-2 532.40 NOTE
r-release-linux-x86_64 1.2-2 11.82 276.24 288.06 OK
r-release-windows-ix86+x86_64 1.2-2 25.00 562.00 587.00 OK
r-release-osx-x86_64 1.2-2 OK
r-oldrel-windows-ix86+x86_64 1.2-2 12.00 499.00 511.00 OK
r-oldrel-osx-x86_64 1.2-2 OK

Check Details

Version: 1.2-2
Check: package dependencies
Result: NOTE
    Package suggested but not available for checking: ‘RWeka’
Flavor: r-patched-solaris-x86

Version: 1.2-2
Check: Rd cross-references
Result: NOTE
    Package unavailable to check Rd xrefs: ‘RWeka’
Flavor: r-patched-solaris-x86