CRAN Package Check Results for Package partykit

Last updated on 2019-02-16 19:47:37 CET.

Flavor Version Tinstall Tcheck Ttotal Status Flags
r-devel-linux-x86_64-debian-clang 1.2-3 13.83 296.54 310.37 OK
r-devel-linux-x86_64-debian-gcc 1.2-3 10.71 222.55 233.26 OK
r-devel-linux-x86_64-fedora-clang 1.2-3 364.74 OK
r-devel-linux-x86_64-fedora-gcc 1.2-3 339.05 WARN
r-devel-windows-ix86+x86_64 1.2-3 41.00 571.00 612.00 OK
r-patched-linux-x86_64 1.2-3 12.53 273.71 286.24 OK
r-patched-solaris-x86 1.2-3 512.40 NOTE
r-release-linux-x86_64 1.2-3 OK
r-release-windows-ix86+x86_64 1.2-3 20.00 524.00 544.00 OK
r-release-osx-x86_64 1.2-3 OK
r-oldrel-windows-ix86+x86_64 1.2-3 17.00 542.00 559.00 WARN
r-oldrel-osx-x86_64 1.2-3 OK

Check Details

Version: 1.2-3
Check: re-building of vignette outputs
Result: WARN
    Error(s) in re-building vignettes:
    --- re-building ‘constparty.Rnw’ using Sweave
    Loading required package: grid
    Loading required package: libcoin
    Loading required package: mvtnorm
    Loading required package: RWeka
    Loading required namespace: XML
    Loading required package: XML
    --- finished re-building ‘constparty.Rnw’
    
    --- re-building ‘ctree.Rnw’ using Sweave
    Loading required package: partykit
    Loading required package: grid
    Loading required package: libcoin
    Loading required package: mvtnorm
    Loading required package: coin
    Loading required package: survival
    Loading required package: strucchange
    Loading required package: zoo
    
    Attaching package: ‘zoo’
    
    The following objects are masked from ‘package:base’:
    
     as.Date, as.Date.numeric
    
    Loading required package: sandwich
    Loading required package: Formula
    Loading required package: modeltools
    Loading required package: stats4
    
    Attaching package: ‘party’
    
    The following objects are masked from ‘package:partykit’:
    
     cforest, ctree, ctree_control, edge_simple, mob,
     mob_control, node_barplot, node_bivplot, node_boxplot,
     node_inner, node_surv, node_terminal, varimp
    
    
    Error: processing vignette 'ctree.Rnw' failed with diagnostics:
     chunk 51 (label = nf-cluster)
    Error in if (all(lev$Variance < ctrl$tol)) { :
     missing value where TRUE/FALSE needed
    
    --- failed re-building ‘ctree.Rnw’
    
    --- re-building ‘mob.Rnw’ using Sweave
    Loading required package: grid
    Loading required package: libcoin
    Loading required package: mvtnorm
    Loading required namespace: vcd
    Loading required package: zoo
    
    Attaching package: 'zoo'
    
    The following objects are masked from 'package:base':
    
     as.Date, as.Date.numeric
    
    Loading required package: sandwich
    --- finished re-building 'mob.Rnw'
    
    --- re-building ‘partykit.Rnw’ using Sweave
    Loading required package: grid
    Loading required package: libcoin
    Loading required package: mvtnorm
    --- finished re-building ‘partykit.Rnw’
    
    SUMMARY: processing the following file failed:
     ‘ctree.Rnw’
    
    Error: Vignette re-building failed.
    Execution halted
Flavor: r-devel-linux-x86_64-fedora-gcc

Version: 1.2-3
Check: package dependencies
Result: NOTE
    Package suggested but not available for checking: ‘RWeka’
Flavor: r-patched-solaris-x86

Version: 1.2-3
Check: Rd cross-references
Result: NOTE
    Package unavailable to check Rd xrefs: ‘RWeka’
Flavor: r-patched-solaris-x86

Version: 1.2-3
Check: re-building of vignette outputs
Result: WARN
    Error in re-building vignettes:
     ...
    Loading required package: grid
    Loading required package: libcoin
    Loading required package: mvtnorm
    Loading required package: RWeka
    Loading required namespace: XML
    Loading required package: XML
    
    Attaching package: 'XML'
    
    The following object is masked from 'package:tools':
    
     toHTML
    
    Loading required package: coin
    Loading required package: survival
    
    Attaching package: 'survival'
    
    The following object is masked from 'package:rpart':
    
     solder
    
    Loading required package: strucchange
    Loading required package: zoo
    
    Attaching package: 'zoo'
    
    The following objects are masked from 'package:base':
    
     as.Date, as.Date.numeric
    
    Loading required package: sandwich
    Loading required package: Formula
    Loading required package: modeltools
    Loading required package: stats4
    
    Attaching package: 'party'
    
    The following objects are masked from 'package:partykit':
    
     cforest, ctree, ctree_control, edge_simple, mob,
     mob_control, node_barplot, node_bivplot, node_boxplot,
     node_inner, node_surv, node_terminal, varimp
    
    
    Error: processing vignette 'ctree.Rnw' failed with diagnostics:
     chunk 51 (label = nf-cluster)
    Error in if (all(lev$Variance < ctrl$tol)) { :
     missing value where TRUE/FALSE needed
    Execution halted
Flavor: r-oldrel-windows-ix86+x86_64