CRAN Package Check Results for Package partykit

Last updated on 2018-11-20 19:47:53 CET.

Flavor Version Tinstall Tcheck Ttotal Status Flags
r-devel-linux-x86_64-debian-clang 1.2-2 11.41 268.87 280.28 OK
r-devel-linux-x86_64-debian-gcc 1.2-2 10.76 225.39 236.15 OK
r-devel-linux-x86_64-fedora-clang 1.2-2 371.27 OK
r-devel-linux-x86_64-fedora-gcc 1.2-2 349.68 OK
r-devel-windows-ix86+x86_64 1.2-2 26.00 573.00 599.00 OK
r-patched-linux-x86_64 1.2-2 9.99 255.00 264.99 OK
r-patched-solaris-x86 1.2-2 532.10 NOTE
r-release-linux-x86_64 1.2-2 10.45 274.94 285.39 OK
r-release-windows-ix86+x86_64 1.2-2 19.00 572.00 591.00 OK
r-release-osx-x86_64 1.2-2 OK
r-oldrel-windows-ix86+x86_64 1.2-2 19.00 689.00 708.00 OK
r-oldrel-osx-x86_64 1.2-2 OK

Check Details

Version: 1.2-2
Check: package dependencies
Result: NOTE
    Package suggested but not available for checking: ‘RWeka’
Flavor: r-patched-solaris-x86

Version: 1.2-2
Check: Rd cross-references
Result: NOTE
    Package unavailable to check Rd xrefs: ‘RWeka’
Flavor: r-patched-solaris-x86