CRAN Package Check Results for Package partykit

Last updated on 2018-02-23 02:48:19 CET.

Flavor Version Tinstall Tcheck Ttotal Status Flags
r-devel-linux-x86_64-debian-clang 1.2-0 11.29 256.77 268.06 OK
r-devel-linux-x86_64-debian-gcc 1.2-0 10.07 229.33 239.40 OK
r-devel-linux-x86_64-fedora-clang 1.2-0 383.09 OK
r-devel-linux-x86_64-fedora-gcc 1.2-0 367.19 OK
r-devel-windows-ix86+x86_64 1.2-0 26.00 394.00 420.00 OK
r-patched-linux-x86_64 1.2-0 5.34 371.62 376.96 OK
r-patched-solaris-x86 1.2-0 545.40 NOTE
r-release-linux-x86_64 1.2-0 4.70 364.05 368.75 OK
r-release-windows-ix86+x86_64 1.2-0 21.00 643.00 664.00 OK
r-release-osx-x86_64 1.2-0 OK
r-oldrel-windows-ix86+x86_64 1.2-0 5.00 5.00 10.00 ERROR
r-oldrel-osx-x86_64 1.2-0 ERROR

Check Details

Version: 1.2-0
Check: package dependencies
Result: NOTE
    Package suggested but not available for checking: ‘RWeka’
Flavor: r-patched-solaris-x86

Version: 1.2-0
Check: Rd cross-references
Result: NOTE
    Package unavailable to check Rd xrefs: ‘RWeka’
Flavor: r-patched-solaris-x86

Version: 1.2-0
Check: package dependencies
Result: ERROR
    Packages required and available but unsuitable versions: 'libcoin' 'inum'
    
    See section 'The DESCRIPTION file' in the 'Writing R Extensions'
    manual.
Flavors: r-oldrel-windows-ix86+x86_64, r-oldrel-osx-x86_64