CRAN Package Check Results for Package pathfindR.data

Last updated on 2021-05-06 22:55:29 CEST.

Flavor Version Tinstall Tcheck Ttotal Status Flags
r-devel-linux-x86_64-debian-clang 1.1.1 21.91 29.63 51.54 OK
r-devel-linux-x86_64-debian-gcc 1.1.1 20.77 23.52 44.29 OK
r-devel-linux-x86_64-fedora-clang 1.1.1 80.89 NOTE
r-devel-linux-x86_64-fedora-gcc 1.1.1 70.25 NOTE
r-devel-windows-ix86+x86_64 1.1.1 37.00 42.00 79.00 OK
r-devel-windows-x86_64-gcc10-UCRT 1.1.1 NOTE
r-patched-linux-x86_64 1.1.1 23.56 30.36 53.92 OK
r-patched-solaris-x86 1.1.1 126.60 NOTE
r-release-linux-x86_64 1.1.1 21.39 27.95 49.34 OK
r-release-macos-x86_64 1.1.1 NOTE
r-release-windows-ix86+x86_64 1.1.1 39.00 40.00 79.00 OK
r-oldrel-macos-x86_64 1.1.1 ERROR

Check Details

Version: 1.1.1
Check: Rd cross-references
Result: NOTE
    Undeclared package ‘pathfindR’ in Rd xrefs
Flavor: r-devel-linux-x86_64-fedora-clang

Version: 1.1.1
Check: data for non-ASCII characters
Result: NOTE
     Note: found 1 marked UTF-8 string
Flavors: r-devel-linux-x86_64-fedora-clang, r-devel-linux-x86_64-fedora-gcc, r-devel-windows-x86_64-gcc10-UCRT, r-patched-solaris-x86, r-release-macos-x86_64

Version: 1.1.1
Check: Rd cross-references
Result: NOTE
    Package unavailable to check Rd xrefs: 'pathfindR'
Flavors: r-devel-windows-x86_64-gcc10-UCRT, r-release-macos-x86_64

Version: 1.1.1
Check: whether package can be installed
Result: ERROR
    Installation failed.
Flavor: r-oldrel-macos-x86_64