Last updated on 2021-04-23 10:48:32 CEST.
Flavor | Version | Tinstall | Tcheck | Ttotal | Status | Flags |
---|---|---|---|---|---|---|
r-devel-linux-x86_64-debian-clang | 1.6.1 | 9.88 | 358.34 | 368.22 | NOTE | |
r-devel-linux-x86_64-debian-gcc | 1.6.1 | 8.35 | 272.28 | 280.63 | NOTE | |
r-devel-linux-x86_64-fedora-clang | 1.6.1 | 453.82 | NOTE | |||
r-devel-linux-x86_64-fedora-gcc | 1.6.1 | 429.17 | NOTE | |||
r-devel-windows-ix86+x86_64 | 1.6.1 | 26.00 | 386.00 | 412.00 | NOTE | |
r-devel-windows-x86_64-gcc10-UCRT | 1.6.1 | NOTE | ||||
r-patched-linux-x86_64 | 1.6.1 | 11.19 | 343.71 | 354.90 | NOTE | |
r-release-linux-x86_64 | 1.6.1 | 10.69 | 351.73 | 362.42 | OK | |
r-release-macos-x86_64 | 1.6.1 | ERROR | ||||
r-release-windows-ix86+x86_64 | 1.6.1 | 24.00 | 350.00 | 374.00 | OK | |
r-oldrel-macos-x86_64 | 1.6.1 | ERROR | ||||
r-oldrel-windows-ix86+x86_64 | 1.4.2 | 68.00 | 487.00 | 555.00 | NOTE |
Version: 1.6.1
Check: LazyData
Result: NOTE
'LazyData' is specified without a 'data' directory
Flavors: r-devel-linux-x86_64-debian-clang, r-devel-linux-x86_64-debian-gcc, r-devel-linux-x86_64-fedora-clang, r-devel-linux-x86_64-fedora-gcc, r-devel-windows-ix86+x86_64, r-devel-windows-x86_64-gcc10-UCRT, r-patched-linux-x86_64
Version: 1.6.1
Check: package dependencies
Result: ERROR
Packages required but not available: 'KEGGREST', 'KEGGgraph'
See section ‘The DESCRIPTION file’ in the ‘Writing R Extensions’
manual.
Flavor: r-release-macos-x86_64
Version: 1.6.1
Check: package dependencies
Result: ERROR
Packages required but not available: 'pathfindR.data', 'org.Hs.eg.db'
See section ‘The DESCRIPTION file’ in the ‘Writing R Extensions’
manual.
Flavor: r-oldrel-macos-x86_64
Version: 1.4.2
Check: installed package size
Result: NOTE
installed size is 6.3Mb
sub-directories of 1Mb or more:
R 2.6Mb
data 1.2Mb
doc 2.1Mb
Flavor: r-oldrel-windows-ix86+x86_64