CRAN Package Check Results for Package patternplot

Last updated on 2022-07-03 03:50:02 CEST.

Flavor Version Tinstall Tcheck Ttotal Status Flags
r-devel-linux-x86_64-debian-clang 1.0.0 57.05 239.94 296.99 NOTE
r-devel-linux-x86_64-debian-gcc 1.0.0 49.23 168.08 217.31 NOTE
r-devel-linux-x86_64-fedora-clang 1.0.0 402.49 NOTE
r-devel-linux-x86_64-fedora-gcc 1.0.0 373.77 NOTE
r-devel-windows-x86_64 1.0.0 78.00 289.00 367.00 NOTE
r-patched-linux-x86_64 1.0.0 50.92 232.95 283.87 NOTE
r-release-linux-x86_64 1.0.0 55.14 229.56 284.70 NOTE
r-release-macos-arm64 1.0.0 106.00 NOTE
r-release-macos-x86_64 1.0.0 205.00 NOTE
r-release-windows-x86_64 1.0.0 81.00 287.00 368.00 NOTE
r-oldrel-macos-arm64 1.0.0 109.00 NOTE
r-oldrel-macos-x86_64 1.0.0 193.00 NOTE
r-oldrel-windows-ix86+x86_64 1.0.0 157.00 205.00 362.00 NOTE

Check Details

Version: 1.0.0
Check: for GNU extensions in Makefiles
Result: NOTE
    GNU make is a SystemRequirements.
Flavors: r-devel-linux-x86_64-debian-clang, r-devel-linux-x86_64-debian-gcc, r-devel-linux-x86_64-fedora-clang, r-devel-linux-x86_64-fedora-gcc, r-devel-windows-x86_64, r-patched-linux-x86_64, r-release-linux-x86_64, r-release-macos-arm64, r-release-macos-x86_64, r-release-windows-x86_64, r-oldrel-macos-arm64, r-oldrel-macos-x86_64, r-oldrel-windows-ix86+x86_64