CRAN Package Check Results for Package pbdBASE

Last updated on 2020-06-01 19:47:13 CEST.

Flavor Version Tinstall Tcheck Ttotal Status Flags
r-devel-linux-x86_64-debian-clang 0.5-3 16.26 53.54 69.80 OK
r-devel-linux-x86_64-debian-gcc 0.5-3 13.01 42.40 55.41 OK
r-devel-linux-x86_64-fedora-clang 0.5-3 96.29 OK
r-devel-linux-x86_64-fedora-gcc 0.5-3 86.20 OK
r-devel-windows-ix86+x86_64 0.5-3 196.00 93.00 289.00 OK
r-patched-linux-x86_64 0.5-3 14.92 53.26 68.18 OK
r-patched-solaris-x86 0.5-3 157.90 OK
r-release-linux-x86_64 0.5-3 15.16 54.27 69.43 OK
r-release-osx-x86_64 0.5-3 ERROR
r-release-windows-ix86+x86_64 0.5-3 149.00 111.00 260.00 OK
r-oldrel-osx-x86_64 0.5-3 ERROR
r-oldrel-windows-ix86+x86_64 0.5-3 132.00 86.00 218.00 OK

Check Details

Version: 0.5-3
Check: package dependencies
Result: ERROR
    Packages required but not available: 'pbdMPI', 'pbdSLAP'
    
    See section ‘The DESCRIPTION file’ in the ‘Writing R Extensions’
    manual.
Flavors: r-release-osx-x86_64, r-oldrel-osx-x86_64