CRAN Package Check Results for Package pbdBASE

Last updated on 2019-10-18 06:48:47 CEST.

Flavor Version Tinstall Tcheck Ttotal Status Flags
r-devel-linux-x86_64-debian-clang 0.5-0 18.84 48.14 66.98 OK
r-devel-linux-x86_64-debian-gcc 0.5-0 12.33 38.41 50.74 OK
r-devel-linux-x86_64-fedora-clang 0.5-0 86.15 OK
r-devel-linux-x86_64-fedora-gcc 0.5-0 80.35 OK
r-devel-windows-ix86+x86_64 0.5-0 165.00 5.00 170.00 ERROR
r-patched-linux-x86_64 0.5-0 14.66 47.94 62.60 OK
r-patched-solaris-x86 0.5-0 110.20 OK
r-release-linux-x86_64 0.5-0 13.25 48.45 61.70 OK
r-release-windows-ix86+x86_64 0.5-0 81.00 6.00 87.00 ERROR
r-release-osx-x86_64 0.5-0 ERROR
r-oldrel-windows-ix86+x86_64 0.5-0 83.00 82.00 165.00 OK
r-oldrel-osx-x86_64 0.5-0 ERROR

Additional issues

LTO

Check Details

Version: 0.5-0
Check: whether package can be installed
Result: ERROR
    Installation failed.
Flavors: r-devel-windows-ix86+x86_64, r-release-windows-ix86+x86_64

Version: 0.5-0
Check: package dependencies
Result: ERROR
    Packages required but not available: 'pbdMPI', 'pbdSLAP'
    
    See section ‘The DESCRIPTION file’ in the ‘Writing R Extensions’
    manual.
Flavor: r-release-osx-x86_64

Version: 0.5-0
Check: package dependencies
Result: ERROR
    Packages required but not available: ‘pbdMPI’ ‘pbdSLAP’
    
    See section ‘The DESCRIPTION file’ in the ‘Writing R Extensions’
    manual.
Flavor: r-oldrel-osx-x86_64