Last updated on 2023-10-01 08:52:06 CEST.
Flavor | Version | Tinstall | Tcheck | Ttotal | Status | Flags |
---|---|---|---|---|---|---|
r-devel-linux-x86_64-debian-clang | 0.5-0 | 20.89 | 96.40 | 117.29 | OK | |
r-devel-linux-x86_64-debian-gcc | 0.5-0 | 16.19 | 75.06 | 91.25 | OK | |
r-devel-linux-x86_64-fedora-clang | 0.5-0 | 152.62 | WARN | |||
r-devel-linux-x86_64-fedora-gcc | 0.5-0 | 173.78 | WARN | |||
r-devel-windows-x86_64 | 0.5-0 | 56.00 | 130.00 | 186.00 | OK | |
r-patched-linux-x86_64 | 0.5-0 | 21.25 | 93.02 | 114.27 | OK | |
r-release-linux-x86_64 | 0.5-0 | 20.07 | 93.66 | 113.73 | OK | |
r-release-macos-arm64 | 0.5-0 | 42.00 | ERROR | |||
r-release-macos-x86_64 | 0.5-0 | 21.00 | ERROR | |||
r-release-windows-x86_64 | 0.5-0 | 80.00 | 145.00 | 225.00 | OK | |
r-oldrel-macos-arm64 | 0.5-0 | 13.00 | ERROR | |||
r-oldrel-macos-x86_64 | 0.5-0 | 14.00 | ERROR | |||
r-oldrel-windows-x86_64 | 0.5-0 | 68.00 | 145.00 | 213.00 | OK |
Version: 0.5-0
Check: whether the namespace can be unloaded cleanly
Result: WARN
---- unloading
Flavors: r-devel-linux-x86_64-fedora-clang, r-devel-linux-x86_64-fedora-gcc
Version: 0.5-0
Check: whether package can be installed
Result: ERROR
Installation failed.
Flavors: r-release-macos-arm64, r-release-macos-x86_64, r-oldrel-macos-arm64, r-oldrel-macos-x86_64