CRAN Package Check Results for Package pbivnorm

Last updated on 2019-10-21 01:46:41 CEST.

Flavor Version Tinstall Tcheck Ttotal Status Flags
r-devel-linux-x86_64-debian-clang 0.6.0 2.22 15.58 17.80 OK
r-devel-linux-x86_64-debian-gcc 0.6.0 1.70 12.82 14.52 OK
r-devel-linux-x86_64-fedora-clang 0.6.0 22.54 NOTE
r-devel-linux-x86_64-fedora-gcc 0.6.0 22.12 NOTE
r-devel-windows-ix86+x86_64 0.6.0 13.00 33.00 46.00 OK
r-patched-linux-x86_64 0.6.0 1.83 15.17 17.00 OK
r-patched-solaris-x86 0.6.0 34.40 OK
r-release-linux-x86_64 0.6.0 1.88 15.40 17.28 OK
r-release-windows-ix86+x86_64 0.6.0 8.00 50.00 58.00 OK
r-release-osx-x86_64 0.6.0 OK
r-oldrel-windows-ix86+x86_64 0.6.0 5.00 31.00 36.00 OK
r-oldrel-osx-x86_64 0.6.0 OK

Check Details

Version: 0.6.0
Check: compiled code
Result: NOTE
    File ‘pbivnorm/libs/pbivnorm.so’:
     Found no calls to: ‘R_registerRoutines’, ‘R_useDynamicSymbols’
    
    It is good practice to register native routines and to disable symbol
    search.
    
    See ‘Writing portable packages’ in the ‘Writing R Extensions’ manual.
Flavors: r-devel-linux-x86_64-fedora-clang, r-devel-linux-x86_64-fedora-gcc