CRAN Package Check Results for Package pbo

Last updated on 2019-09-17 23:47:19 CEST.

Flavor Version Tinstall Tcheck Ttotal Status Flags
r-devel-linux-x86_64-debian-clang 1.3.4 2.11 27.32 29.43 NOTE
r-devel-linux-x86_64-debian-gcc 1.3.4 1.83 21.50 23.33 NOTE
r-devel-linux-x86_64-fedora-clang 1.3.4 36.78 NOTE
r-devel-linux-x86_64-fedora-gcc 1.3.4 37.14 NOTE
r-devel-windows-ix86+x86_64 1.3.4 9.00 46.00 55.00 NOTE
r-patched-linux-x86_64 1.3.4 2.05 27.12 29.17 NOTE
r-patched-solaris-x86 1.3.4 67.70 NOTE
r-release-linux-x86_64 1.3.4 2.17 27.17 29.34 NOTE
r-release-windows-ix86+x86_64 1.3.4 7.00 66.00 73.00 NOTE
r-release-osx-x86_64 1.3.4 NOTE
r-oldrel-windows-ix86+x86_64 1.3.4 6.00 43.00 49.00 NOTE
r-oldrel-osx-x86_64 1.3.4 NOTE

Check Details

Version: 1.3.4
Check: dependencies in R code
Result: NOTE
    'library' or 'require' call to 'foreach' in package code.
     Please use :: or requireNamespace() instead.
     See section 'Suggested packages' in the 'Writing R Extensions' manual.
Flavors: r-devel-linux-x86_64-debian-clang, r-devel-linux-x86_64-debian-gcc, r-devel-linux-x86_64-fedora-clang, r-devel-linux-x86_64-fedora-gcc, r-devel-windows-ix86+x86_64, r-patched-linux-x86_64, r-patched-solaris-x86, r-release-linux-x86_64, r-release-windows-ix86+x86_64, r-release-osx-x86_64, r-oldrel-windows-ix86+x86_64, r-oldrel-osx-x86_64

Version: 1.3.4
Check: R code for possible problems
Result: NOTE
    dotplot.pbo: no visible global function definition for 'reorder'
    pbo: no visible global function definition for '%dopar%'
    pbo: no visible global function definition for 'foreach'
    pbo: no visible global function definition for 'lm'
    xyplot.pbo: no visible global function definition for 'ecdf'
    xyplot.pbo: no visible global function definition for 'doubleYScale'
    xyplot.pbo: no visible global function definition for 'reorder'
    Undefined global functions or variables:
     %dopar% doubleYScale ecdf foreach lm reorder
    Consider adding
     importFrom("stats", "ecdf", "lm", "reorder")
    to your NAMESPACE file.
Flavors: r-devel-linux-x86_64-debian-clang, r-devel-linux-x86_64-debian-gcc, r-devel-linux-x86_64-fedora-clang, r-devel-linux-x86_64-fedora-gcc, r-devel-windows-ix86+x86_64, r-patched-linux-x86_64, r-patched-solaris-x86, r-release-linux-x86_64, r-release-windows-ix86+x86_64, r-release-osx-x86_64, r-oldrel-windows-ix86+x86_64, r-oldrel-osx-x86_64