Last updated on 2021-04-16 23:48:13 CEST.
Flavor | Version | Tinstall | Tcheck | Ttotal | Status | Flags |
---|---|---|---|---|---|---|
r-devel-linux-x86_64-debian-clang | 1.5.2 | 1096.58 | 237.59 | 1334.17 | NOTE | |
r-devel-linux-x86_64-debian-gcc | 1.5.2 | 915.44 | 223.62 | 1139.06 | NOTE | |
r-devel-linux-x86_64-fedora-clang | 1.5.2 | 1849.45 | NOTE | |||
r-devel-linux-x86_64-fedora-gcc | 1.5.2 | 2042.35 | NOTE | |||
r-devel-windows-ix86+x86_64 | 1.5.2 | 2306.00 | 525.00 | 2831.00 | NOTE | |
r-devel-windows-x86_64-gcc10-UCRT | 1.5.2 | NOTE | ||||
r-patched-linux-x86_64 | 1.5.2 | 1015.09 | 284.26 | 1299.35 | NOTE | |
r-patched-solaris-x86 | 1.5.2 | 1699.80 | NOTE | |||
r-release-linux-x86_64 | 1.5.2 | 1005.47 | 284.29 | 1289.76 | NOTE | |
r-release-macos-x86_64 | 1.5.2 | NOTE | ||||
r-release-windows-ix86+x86_64 | 1.5.2 | 2309.00 | 627.00 | 2936.00 | NOTE | |
r-oldrel-macos-x86_64 | 1.5.2 | NOTE | ||||
r-oldrel-windows-ix86+x86_64 | 1.5.2 | 1621.00 | 577.00 | 2198.00 | NOTE |
Version: 1.5.2
Check: for GNU extensions in Makefiles
Result: NOTE
GNU make is a SystemRequirements.
Flavors: r-devel-linux-x86_64-debian-clang, r-devel-linux-x86_64-debian-gcc, r-devel-linux-x86_64-fedora-clang, r-devel-linux-x86_64-fedora-gcc, r-devel-windows-ix86+x86_64, r-devel-windows-x86_64-gcc10-UCRT, r-patched-linux-x86_64, r-patched-solaris-x86, r-release-linux-x86_64, r-release-macos-x86_64, r-release-windows-ix86+x86_64, r-oldrel-macos-x86_64, r-oldrel-windows-ix86+x86_64
Version: 1.5.2
Check: installed package size
Result: NOTE
installed size is 163.5Mb
sub-directories of 1Mb or more:
doc 2.9Mb
libs 159.9Mb
Flavors: r-devel-linux-x86_64-fedora-clang, r-devel-windows-ix86+x86_64, r-patched-solaris-x86, r-release-macos-x86_64, r-release-windows-ix86+x86_64, r-oldrel-macos-x86_64, r-oldrel-windows-ix86+x86_64
Version: 1.5.2
Check: line endings in C/C++/Fortran sources/headers
Result: NOTE
Found the following sources/headers with CR or CRLF line endings:
src/stan_files/correlation.hpp
src/stan_files/correlation_ll.hpp
src/stan_files/factor.hpp
src/stan_files/factor1.hpp
src/stan_files/factor1_ll.hpp
src/stan_files/factor_ll.hpp
src/stan_files/unidim.hpp
src/stan_files/unidim_adapt.hpp
src/stan_files/unidim_ll.hpp
Some Unix compilers require LF line endings.
Flavor: r-devel-windows-x86_64-gcc10-UCRT