CRAN Package Check Results for Package pcSteiner

Last updated on 2024-06-22 03:49:38 CEST.

Flavor Version Tinstall Tcheck Ttotal Status Flags
r-devel-linux-x86_64-debian-clang 1.0.0.1 4.39 42.40 46.79 OK
r-devel-linux-x86_64-debian-gcc 1.0.0.1 2.87 33.52 36.39 OK
r-devel-linux-x86_64-fedora-clang 1.0.0.1 62.46 OK
r-devel-linux-x86_64-fedora-gcc 1.0.0.1 69.20 OK
r-devel-windows-x86_64 1.0.0.1 5.00 62.00 67.00 OK
r-patched-linux-x86_64 1.0.0.1 3.47 42.19 45.66 OK
r-release-linux-x86_64 1.0.0.1 3.01 41.28 44.29 OK
r-release-macos-arm64 1.0.0.1 31.00 ERROR
r-release-macos-x86_64 1.0.0.1 42.00 OK
r-release-windows-x86_64 1.0.0.1 5.00 63.00 68.00 OK
r-oldrel-macos-arm64 1.0.0.1 38.00 ERROR
r-oldrel-macos-x86_64 1.0.0.1 33.00 OK
r-oldrel-windows-x86_64 1.0.0.1 5.00 65.00 70.00 OK

Check Details

Version: 1.0.0.1
Check: re-building of vignette outputs
Result: ERROR Error(s) in re-building vignettes: ... --- re-building ‘tutorial.Rmd’ using rmarkdown ! kpathsea: Running mktexpk --mfmode / --bdpi 600 --mag 1+0/600 --dpi 600 bbm10 ! mkdir: ././opt/tex/texmf-var/fonts/pk/ljfour/public: Permission denied ! mktexpk: /opt/tex/texmf-dist/web2c/mktexdir /opt/tex/texmf-var/fonts/pk/ljfour/public/bbm failed. ! kpathsea: Appending font creation commands to missfont.log. Error: processing vignette 'tutorial.Rmd' failed with diagnostics: LaTeX failed to compile /Volumes/Builds/packages/big-sur-arm64/results/4.4/pcSteiner.Rcheck/vign_test/pcSteiner/vignettes/tutorial.tex. See https://yihui.org/tinytex/r/#debugging for debugging tips. See tutorial.log for more info. --- failed re-building ‘tutorial.Rmd’ SUMMARY: processing the following file failed: ‘tutorial.Rmd’ Error: Vignette re-building failed. Execution halted Flavor: r-release-macos-arm64

Version: 1.0.0.1
Check: re-building of vignette outputs
Result: ERROR Error(s) in re-building vignettes: ... --- re-building ‘tutorial.Rmd’ using rmarkdown ! kpathsea: Running mktexpk --mfmode / --bdpi 600 --mag 1+0/600 --dpi 600 bbm10 ! mkdir: ././opt/tex/texmf-var/fonts/pk/ljfour/public: Permission denied ! mktexpk: /opt/tex/texmf-dist/web2c/mktexdir /opt/tex/texmf-var/fonts/pk/ljfour/public/bbm failed. ! kpathsea: Appending font creation commands to missfont.log. Error: processing vignette 'tutorial.Rmd' failed with diagnostics: LaTeX failed to compile /Volumes/Builds/packages/big-sur-arm64/results/4.3/pcSteiner.Rcheck/vign_test/pcSteiner/vignettes/tutorial.tex. See https://yihui.org/tinytex/r/#debugging for debugging tips. See tutorial.log for more info. --- failed re-building ‘tutorial.Rmd’ SUMMARY: processing the following file failed: ‘tutorial.Rmd’ Error: Vignette re-building failed. Execution halted Flavor: r-oldrel-macos-arm64