CRAN Package Check Results for Package pcalg

Last updated on 2018-02-20 17:47:52 CET.

Flavor Version Tinstall Tcheck Ttotal Status Flags
r-devel-linux-x86_64-debian-clang 2.5-0 83.61 554.79 638.40 OK
r-devel-linux-x86_64-debian-gcc 2.5-0 70.08 411.18 481.26 OK
r-devel-linux-x86_64-fedora-clang 2.5-0 752.49 NOTE
r-devel-linux-x86_64-fedora-gcc 2.5-0 750.05 NOTE
r-devel-windows-ix86+x86_64 2.5-0 161.00 952.00 1113.00 WARN
r-patched-linux-x86_64 2.5-0 81.89 578.46 660.35 OK
r-patched-solaris-x86 2.5-0 886.00 NOTE
r-release-linux-x86_64 2.5-0 84.14 558.52 642.66 OK
r-release-windows-ix86+x86_64 2.5-0 214.00 1371.00 1585.00 NOTE
r-release-osx-x86_64 2.5-0 NOTE
r-oldrel-windows-ix86+x86_64 2.5-0 225.00 1328.00 1553.00 NOTE
r-oldrel-osx-x86_64 2.5-0 NOTE

Check Details

Version: 2.5-0
Check: installed package size
Result: NOTE
     installed size is 13.3Mb
     sub-directories of 1Mb or more:
     R 2.6Mb
     data 2.1Mb
     libs 6.5Mb
Flavors: r-devel-linux-x86_64-fedora-clang, r-devel-linux-x86_64-fedora-gcc, r-devel-windows-ix86+x86_64, r-patched-solaris-x86, r-release-windows-ix86+x86_64, r-release-osx-x86_64, r-oldrel-windows-ix86+x86_64, r-oldrel-osx-x86_64

Version: 2.5-0
Check: whether package can be installed
Result: WARN
    Found the following significant warnings:
     d:/RCompile/CRANpkg/lib/3.5/BH/include/boost/math/special_functions/detail/bernoulli_details.hpp:72:36: warning: ISO C++ 1998 does not support 'long long' [-Wlong-long]
     d:/RCompile/CRANpkg/lib/3.5/BH/include/boost/math/special_functions/detail/bernoulli_details.hpp:96:9: warning: ISO C++ 1998 does not support 'long long' [-Wlong-long]
Flavor: r-devel-windows-ix86+x86_64