CRAN Package Check Results for Package pcalg

Last updated on 2018-08-19 11:48:01 CEST.

Flavor Version Tinstall Tcheck Ttotal Status Flags
r-devel-linux-x86_64-debian-clang 2.6-0 87.18 335.15 422.33 OK
r-devel-linux-x86_64-debian-gcc 2.6-0 76.59 263.40 339.99 OK
r-devel-linux-x86_64-fedora-clang 2.6-0 521.33 NOTE
r-devel-linux-x86_64-fedora-gcc 2.6-0 509.85 NOTE
r-devel-windows-ix86+x86_64 2.6-0 222.00 699.00 921.00 NOTE
r-patched-linux-x86_64 2.6-0 93.49 304.52 398.01 OK
r-patched-solaris-x86 2.6-0 635.30 NOTE
r-release-linux-x86_64 2.6-0 96.85 283.43 380.28 OK
r-release-windows-ix86+x86_64 2.6-0 239.00 658.00 897.00 NOTE
r-release-osx-x86_64 2.6-0 NOTE
r-oldrel-windows-ix86+x86_64 2.6-0 187.00 498.00 685.00 NOTE
r-oldrel-osx-x86_64 2.6-0 NOTE

Check Details

Version: 2.6-0
Check: installed package size
Result: NOTE
     installed size is 12.0Mb
     sub-directories of 1Mb or more:
     data 2.1Mb
     doc 1.1Mb
     libs 6.8Mb
Flavors: r-devel-linux-x86_64-fedora-clang, r-devel-windows-ix86+x86_64, r-patched-solaris-x86, r-release-windows-ix86+x86_64, r-release-osx-x86_64, r-oldrel-windows-ix86+x86_64, r-oldrel-osx-x86_64

Version: 2.6-0
Check: use of SHLIB_OPENMP_*FLAGS in Makefiles
Result: NOTE
     src/Makevars.win: incorrect macro SHLIB_OPENMP_CFLAGS included in PKG_CXXFLAGS
     src/Makevars.win: SHLIB_OPENMP_CFLAGS is included in PKG_LIBS but not in PKG_CFLAGS
    Use of these macros is discussed in sect 1.2.1.1 of ‘Writing R
    Extensions’. The macros for different languages may differ so the
    matching macro must be used in PKG_CXXFLAGS (etc) and match that used
    in PKG_LIBS (except for F77: see the manual).
Flavors: r-devel-linux-x86_64-fedora-clang, r-devel-linux-x86_64-fedora-gcc