CRAN Package Check Results for Package pcalg

Last updated on 2018-11-17 06:46:52 CET.

Flavor Version Tinstall Tcheck Ttotal Status Flags
r-devel-linux-x86_64-debian-clang 2.6-0 92.34 294.57 386.91 NOTE
r-devel-linux-x86_64-debian-gcc 2.6-0 80.16 241.53 321.69 NOTE
r-devel-linux-x86_64-fedora-clang 2.6-0 541.34 NOTE
r-devel-linux-x86_64-fedora-gcc 2.6-0 479.65 NOTE
r-devel-windows-ix86+x86_64 2.6-0 230.00 760.00 990.00 NOTE
r-patched-linux-x86_64 2.6-0 99.52 295.43 394.95 OK
r-patched-solaris-x86 2.6-0 638.30 NOTE
r-release-linux-x86_64 2.6-0 90.86 285.38 376.24 OK
r-release-windows-ix86+x86_64 2.6-0 240.00 505.00 745.00 NOTE
r-release-osx-x86_64 2.6-0 NOTE
r-oldrel-windows-ix86+x86_64 2.6-0 255.00 510.00 765.00 NOTE
r-oldrel-osx-x86_64 2.6-0 NOTE

Check Details

Version: 2.6-0
Check: use of SHLIB_OPENMP_*FLAGS in Makefiles
Result: NOTE
     src/Makevars.win: incorrect macro SHLIB_OPENMP_CFLAGS included in PKG_CXXFLAGS
     src/Makevars.win: SHLIB_OPENMP_CFLAGS is included in PKG_LIBS but not in PKG_CFLAGS
    Use of these macros is discussed in sect 1.2.1.1 of ‘Writing R
    Extensions’. The macros for different languages may differ so the
    matching macro must be used in PKG_CXXFLAGS (etc) and match that used
    in PKG_LIBS (except for F77: see the manual).
Flavors: r-devel-linux-x86_64-debian-clang, r-devel-linux-x86_64-debian-gcc, r-devel-linux-x86_64-fedora-clang, r-devel-linux-x86_64-fedora-gcc

Version: 2.6-0
Check: installed package size
Result: NOTE
     installed size is 12.4Mb
     sub-directories of 1Mb or more:
     data 2.1Mb
     doc 1.1Mb
     libs 7.1Mb
Flavors: r-devel-linux-x86_64-fedora-clang, r-devel-windows-ix86+x86_64, r-patched-solaris-x86, r-release-windows-ix86+x86_64, r-release-osx-x86_64, r-oldrel-windows-ix86+x86_64, r-oldrel-osx-x86_64