CRAN Package Check Results for Package pcalg

Last updated on 2019-02-19 22:51:40 CET.

Flavor Version Tinstall Tcheck Ttotal Status Flags
r-devel-linux-x86_64-debian-clang 2.6-0 86.27 320.93 407.20 NOTE
r-devel-linux-x86_64-debian-gcc 2.6-0 73.84 245.71 319.55 NOTE
r-devel-linux-x86_64-fedora-clang 2.6-0 1.95 ERROR
r-devel-linux-x86_64-fedora-gcc 2.6-0 491.57 NOTE
r-devel-windows-ix86+x86_64 2.6-0 223.00 568.00 791.00 NOTE
r-patched-linux-x86_64 2.6-0 89.55 317.79 407.34 OK
r-patched-solaris-x86 2.6-0 610.00 NOTE
r-release-linux-x86_64 2.6-0 85.10 304.25 389.35 OK
r-release-windows-ix86+x86_64 2.6-0 176.00 779.00 955.00 NOTE
r-release-osx-x86_64 2.6-0 NOTE
r-oldrel-windows-ix86+x86_64 2.6-0 252.00 597.00 849.00 NOTE
r-oldrel-osx-x86_64 2.6-0 NOTE

Check Details

Version: 2.6-0
Check: use of SHLIB_OPENMP_*FLAGS in Makefiles
Result: NOTE
     src/Makevars.win: incorrect macro SHLIB_OPENMP_CFLAGS included in PKG_CXXFLAGS
     src/Makevars.win: SHLIB_OPENMP_CFLAGS is included in PKG_LIBS but linking is by C++
    Use of these macros is discussed in sect 1.2.1.1 of ‘Writing R
    Extensions’. The macros for different languages may differ so the
    matching macro must be used in PKG_CXXFLAGS (etc) and match that used
    in PKG_LIBS (except for Fortran: see the manual).
Flavors: r-devel-linux-x86_64-debian-clang, r-devel-linux-x86_64-debian-gcc, r-devel-linux-x86_64-fedora-gcc

Version: 2.6-0
Check: package dependencies
Result: ERROR
    Package required but not available: ‘RBGL’
    
    See section ‘The DESCRIPTION file’ in the ‘Writing R Extensions’
    manual.
Flavor: r-devel-linux-x86_64-fedora-clang

Version: 2.6-0
Check: installed package size
Result: NOTE
     installed size is 7.5Mb
     sub-directories of 1Mb or more:
     data 2.1Mb
     doc 1.1Mb
     libs 2.3Mb
Flavors: r-devel-windows-ix86+x86_64, r-patched-solaris-x86, r-release-windows-ix86+x86_64, r-release-osx-x86_64, r-oldrel-windows-ix86+x86_64, r-oldrel-osx-x86_64