CRAN Package Check Results for Package pccc

Last updated on 2020-05-29 17:49:12 CEST.

Flavor Version Tinstall Tcheck Ttotal Status Flags
r-devel-linux-x86_64-debian-clang 1.0.4 96.92 54.70 151.62 OK
r-devel-linux-x86_64-debian-gcc 1.0.4 40.46 42.09 82.55 OK
r-devel-linux-x86_64-fedora-clang 1.0.4 166.05 NOTE
r-devel-linux-x86_64-fedora-gcc 1.0.4 167.29 OK
r-devel-windows-ix86+x86_64 1.0.4 111.00 132.00 243.00 OK
r-patched-linux-x86_64 1.0.4 63.06 53.86 116.92 OK
r-patched-solaris-x86 1.0.4 157.70 OK
r-release-linux-x86_64 1.0.4 66.74 52.94 119.68 OK
r-release-osx-x86_64 1.0.4 NOTE
r-release-windows-ix86+x86_64 1.0.4 83.00 192.00 275.00 OK
r-oldrel-osx-x86_64 1.0.4 NOTE
r-oldrel-windows-ix86+x86_64 1.0.4 90.00 101.00 191.00 OK

Check Details

Version: 1.0.4
Check: installed package size
Result: NOTE
     installed size is 6.0Mb
     sub-directories of 1Mb or more:
     libs 4.3Mb
Flavors: r-devel-linux-x86_64-fedora-clang, r-release-osx-x86_64, r-oldrel-osx-x86_64