Last updated on 2021-02-25 10:47:43 CET.
Flavor | Version | Tinstall | Tcheck | Ttotal | Status | Flags |
---|---|---|---|---|---|---|
r-devel-linux-x86_64-debian-clang | 1.1.1 | 13.45 | 118.91 | 132.36 | OK | |
r-devel-linux-x86_64-debian-gcc | 1.1.1 | 10.70 | 87.02 | 97.72 | OK | |
r-devel-linux-x86_64-fedora-clang | 1.1.1 | 167.20 | OK | |||
r-devel-linux-x86_64-fedora-gcc | 1.1.1 | 150.77 | OK | |||
r-devel-windows-ix86+x86_64 | 1.1.1 | 23.00 | 105.00 | 128.00 | OK | |
r-patched-linux-x86_64 | 1.1.1 | 13.33 | 107.62 | 120.95 | OK | |
r-patched-solaris-x86 | 1.1.1 | 201.80 | OK | |||
r-release-linux-x86_64 | 1.1.1 | 12.74 | 108.76 | 121.50 | OK | |
r-release-macos-x86_64 | 1.1.1 | OK | ||||
r-release-windows-ix86+x86_64 | 1.1.1 | 34.00 | 13.00 | 47.00 | ERROR | |
r-oldrel-macos-x86_64 | 1.1.1 | OK | ||||
r-oldrel-windows-ix86+x86_64 | 1.1.1 | 20.00 | 139.00 | 159.00 | OK |
Version: 1.1.1
Check: whether package can be installed
Result: ERROR
Installation failed.
Flavor: r-release-windows-ix86+x86_64