Last updated on 2022-05-21 03:55:09 CEST.
Flavor | Version | Tinstall | Tcheck | Ttotal | Status | Flags |
---|---|---|---|---|---|---|
r-devel-linux-x86_64-debian-clang | 1.7 | 12.88 | 131.87 | 144.75 | OK | |
r-devel-linux-x86_64-debian-gcc | 1.7 | 10.36 | 96.61 | 106.97 | OK | |
r-devel-linux-x86_64-fedora-clang | 1.7 | 181.54 | NOTE | |||
r-devel-linux-x86_64-fedora-gcc | 1.7 | 179.06 | NOTE | |||
r-devel-windows-x86_64 | 1.7 | 35.00 | 138.00 | 173.00 | OK | |
r-patched-linux-x86_64 | 1.7 | 13.04 | 122.82 | 135.86 | OK | |
r-release-linux-x86_64 | 1.7 | 11.30 | 123.34 | 134.64 | OK | |
r-release-macos-arm64 | 1.7 | 52.00 | NOTE | |||
r-release-macos-x86_64 | 1.7 | 98.00 | NOTE | |||
r-release-windows-x86_64 | 1.7 | 24.00 | 139.00 | 163.00 | OK | |
r-oldrel-macos-arm64 | 1.7 | 85.00 | NOTE | |||
r-oldrel-macos-x86_64 | 1.7 | 66.00 | NOTE | |||
r-oldrel-windows-ix86+x86_64 | 1.7 | 34.00 | 135.00 | 169.00 | OK |
Version: 1.7
Check: dependencies in R code
Result: NOTE
Namespaces in Imports field not imported from:
‘car’ ‘sandwich’
All declared Imports should be used.
Flavors: r-devel-linux-x86_64-fedora-clang, r-devel-linux-x86_64-fedora-gcc, r-release-macos-arm64, r-release-macos-x86_64, r-oldrel-macos-arm64, r-oldrel-macos-x86_64