CRAN Package Check Results for Package pdftools

Last updated on 2022-10-07 17:52:09 CEST.

Flavor Version Tinstall Tcheck Ttotal Status Flags
r-devel-linux-x86_64-debian-clang 3.3.0 20.21 35.62 55.83 OK
r-devel-linux-x86_64-debian-gcc 3.3.1 21.31 28.51 49.82 OK
r-devel-linux-x86_64-fedora-clang 3.3.1 99.73 WARN
r-devel-linux-x86_64-fedora-gcc 3.3.1 93.14 OK
r-devel-windows-x86_64 3.3.1 100.00 116.00 216.00 NOTE
r-patched-linux-x86_64 3.3.0 21.82 35.46 57.28 OK
r-release-linux-x86_64 3.3.1 17.68 34.60 52.28 OK
r-release-macos-arm64 3.3.1 33.00 NOTE
r-release-macos-x86_64 3.3.1 40.00 NOTE
r-release-windows-x86_64 3.3.1 97.00 116.00 213.00 NOTE
r-oldrel-macos-arm64 3.3.0 27.00 NOTE
r-oldrel-macos-x86_64 3.3.1 46.00 NOTE
r-oldrel-windows-ix86+x86_64 3.3.1 74.00 125.00 199.00 NOTE

Additional issues

clang15 clang15

Check Details

Version: 3.3.1
Check: package dependencies
Result: NOTE
    Package suggested but not available for checking: ‘tesseract’
Flavor: r-devel-linux-x86_64-fedora-clang

Version: 3.3.1
Check: whether package can be installed
Result: WARN
    Found the following significant warnings:
     /usr/local/clang/include/poppler/cpp/poppler-global.h:124:3: warning: use of the 'deprecated' attribute is a C++14 extension [-Wc++14-attribute-extensions]
     /usr/local/clang/include/poppler/cpp/poppler-document.h:75:7: warning: use of the 'deprecated' attribute is a C++14 extension [-Wc++14-attribute-extensions]
     /usr/local/clang/include/poppler/cpp/poppler-document.h:76:7: warning: use of the 'deprecated' attribute is a C++14 extension [-Wc++14-attribute-extensions]
     /usr/local/clang/include/poppler/cpp/poppler-document.h:92:7: warning: use of the 'deprecated' attribute is a C++14 extension [-Wc++14-attribute-extensions]
     /usr/local/clang/include/poppler/cpp/poppler-document.h:93:7: warning: use of the 'deprecated' attribute is a C++14 extension [-Wc++14-attribute-extensions]
     /usr/local/clang/include/poppler/cpp/poppler-document.h:96:7: warning: use of the 'deprecated' attribute is a C++14 extension [-Wc++14-attribute-extensions]
     /usr/local/clang/include/poppler/cpp/poppler-document.h:97:7: warning: use of the 'deprecated' attribute is a C++14 extension [-Wc++14-attribute-extensions]
     /usr/local/clang/include/poppler/cpp/poppler-embedded-file.h:40:7: warning: use of the 'deprecated' attribute is a C++14 extension [-Wc++14-attribute-extensions]
     /usr/local/clang/include/poppler/cpp/poppler-embedded-file.h:41:7: warning: use of the 'deprecated' attribute is a C++14 extension [-Wc++14-attribute-extensions]
Flavor: r-devel-linux-x86_64-fedora-clang

Version: 3.3.1
Check: installed package size
Result: NOTE
     installed size is 19.8Mb
     sub-directories of 1Mb or more:
     libs 6.9Mb
     share 12.8Mb
Flavors: r-devel-windows-x86_64, r-release-macos-arm64, r-release-macos-x86_64, r-release-windows-x86_64, r-oldrel-macos-x86_64, r-oldrel-windows-ix86+x86_64

Version: 3.3.0
Check: installed package size
Result: NOTE
     installed size is 20.4Mb
     sub-directories of 1Mb or more:
     libs 7.5Mb
     share 12.8Mb
Flavor: r-oldrel-macos-arm64