CRAN Package Check Results for Package pdp

Last updated on 2018-05-27 10:50:30 CEST.

Flavor Version Tinstall Tcheck Ttotal Status Flags
r-devel-linux-x86_64-debian-clang 0.6.0 4.21 55.44 59.65 OK
r-devel-linux-x86_64-debian-gcc 0.6.0 3.78 42.78 46.56 OK
r-devel-linux-x86_64-fedora-clang 0.6.0 69.92 OK
r-devel-linux-x86_64-fedora-gcc 0.6.0 69.07 OK
r-devel-windows-ix86+x86_64 0.6.0 9.00 85.00 94.00 OK
r-patched-linux-x86_64 0.6.0 4.63 49.59 54.22 OK
r-patched-solaris-x86 0.6.0 96.10 NOTE
r-release-linux-x86_64 0.6.0 4.45 49.52 53.97 OK
r-release-windows-ix86+x86_64 0.6.0 15.00 133.00 148.00 OK
r-release-osx-x86_64 0.6.0 OK
r-oldrel-windows-ix86+x86_64 0.6.0 12.00 127.00 139.00 OK
r-oldrel-osx-x86_64 0.6.0 OK

Check Details

Version: 0.6.0
Check: package dependencies
Result: NOTE
    Package suggested but not available for checking: ‘xgboost’
Flavor: r-patched-solaris-x86