CRAN Package Check Results for Package peRspective

Last updated on 2024-02-21 12:53:07 CET.

Flavor Version Tinstall Tcheck Ttotal Status Flags
r-devel-linux-x86_64-debian-clang 0.1.1 NOTE
r-devel-linux-x86_64-debian-gcc 0.1.1 2.03 22.25 24.28 NOTE
r-devel-linux-x86_64-fedora-clang 0.1.1 38.22 NOTE
r-devel-linux-x86_64-fedora-gcc 0.1.1 36.91 NOTE
r-devel-windows-x86_64 0.1.1 4.00 54.00 58.00 NOTE
r-patched-linux-x86_64 0.1.1 2.62 28.05 30.67 OK
r-release-linux-x86_64 0.1.1 2.70 28.13 30.83 OK
r-release-macos-arm64 0.1.1 25.00 OK
r-release-macos-x86_64 0.1.1 31.00 OK
r-release-windows-x86_64 0.1.1 5.00 53.00 58.00 OK
r-oldrel-macos-arm64 0.1.1 25.00 OK
r-oldrel-windows-x86_64 0.1.1 4.00 57.00 61.00 OK

Check Details

Version: 0.1.1
Check: Rd metadata
Result: NOTE Invalid package aliases in Rd file 'perspective-package.Rd': ‘perspective-package’ Flavors: r-devel-linux-x86_64-debian-clang, r-devel-linux-x86_64-debian-gcc, r-devel-linux-x86_64-fedora-clang, r-devel-linux-x86_64-fedora-gcc, r-devel-windows-x86_64