CRAN Package Check Results for Package peakRAM

Last updated on 2022-08-08 01:54:41 CEST.

Flavor Version Tinstall Tcheck Ttotal Status Flags
r-devel-linux-x86_64-debian-clang 1.0.2 2.04 25.94 27.98 NOTE
r-devel-linux-x86_64-debian-gcc 1.0.2 1.38 20.15 21.53 NOTE
r-devel-linux-x86_64-fedora-clang 1.0.2 44.86 NOTE
r-devel-linux-x86_64-fedora-gcc 1.0.2 43.15 NOTE
r-devel-windows-x86_64 1.0.2 7.00 55.00 62.00 NOTE
r-patched-linux-x86_64 1.0.2 1.74 24.69 26.43 NOTE
r-release-linux-x86_64 1.0.2 1.58 24.99 26.57 NOTE
r-release-macos-arm64 1.0.2 16.00 NOTE
r-release-macos-x86_64 1.0.2 22.00 NOTE
r-release-windows-x86_64 1.0.2 10.00 53.00 63.00 NOTE
r-oldrel-macos-arm64 1.0.2 24.00 NOTE
r-oldrel-macos-x86_64 1.0.2 29.00 NOTE
r-oldrel-windows-ix86+x86_64 1.0.2 5.00 46.00 51.00 NOTE

Check Details

Version: 1.0.2
Check: LazyData
Result: NOTE
     'LazyData' is specified without a 'data' directory
Flavors: r-devel-linux-x86_64-debian-clang, r-devel-linux-x86_64-debian-gcc, r-devel-linux-x86_64-fedora-clang, r-devel-linux-x86_64-fedora-gcc, r-devel-windows-x86_64, r-patched-linux-x86_64, r-release-linux-x86_64, r-release-macos-arm64, r-release-macos-x86_64, r-release-windows-x86_64, r-oldrel-macos-arm64, r-oldrel-macos-x86_64, r-oldrel-windows-ix86+x86_64