CRAN Package Check Results for Package pecora

Last updated on 2024-02-26 04:49:35 CET.

Flavor Version Tinstall Tcheck Ttotal Status Flags
r-devel-linux-x86_64-debian-clang 0.1.1 45.91 29.25 75.16 OK
r-devel-linux-x86_64-debian-gcc 0.1.1 34.25 22.50 56.75 OK
r-devel-linux-x86_64-fedora-clang 0.1.1 112.54 OK
r-devel-linux-x86_64-fedora-gcc 0.1.1 106.29 OK
r-devel-windows-x86_64 0.1.1 35.00 61.00 96.00 NOTE
r-patched-linux-x86_64 0.1.1 42.77 28.76 71.53 OK
r-release-linux-x86_64 0.1.1 50.33 28.70 79.03 OK
r-release-macos-arm64 0.1.1 32.00 OK
r-release-macos-x86_64 0.1.1 53.00 OK
r-release-windows-x86_64 0.1.1 46.00 70.00 116.00 NOTE
r-oldrel-macos-arm64 0.1.1 28.00 OK
r-oldrel-windows-x86_64 0.1.1 45.00 71.00 116.00 OK

Check Details

Version: 0.1.1
Check: C++ specification
Result: NOTE Specified C++11: please drop specification unless essential Flavors: r-devel-windows-x86_64, r-release-windows-x86_64