CRAN Package Check Results for Package pedSimulate

Last updated on 2021-05-13 22:51:09 CEST.

Flavor Version Tinstall Tcheck Ttotal Status Flags
r-devel-linux-x86_64-debian-clang 0.1.2 2.48 23.53 26.01 NOTE
r-devel-linux-x86_64-debian-gcc 0.1.2 2.01 18.66 20.67 NOTE
r-devel-linux-x86_64-fedora-clang 0.1.2 41.80 NOTE
r-devel-linux-x86_64-fedora-gcc 0.1.2 30.26 NOTE
r-devel-windows-ix86+x86_64 0.1.2 6.00 26.00 32.00 NOTE
r-devel-windows-x86_64-gcc10-UCRT 0.1.2 NOTE
r-patched-linux-x86_64 0.1.2 2.70 23.47 26.17 NOTE
r-patched-solaris-x86 0.1.2 46.40 NOTE
r-release-linux-x86_64 0.1.2 2.57 22.76 25.33 OK
r-release-macos-x86_64 0.1.2 OK
r-release-windows-ix86+x86_64 0.1.2 6.00 35.00 41.00 OK
r-oldrel-macos-x86_64 0.1.2 OK
r-oldrel-windows-ix86+x86_64 0.1.2 4.00 26.00 30.00 OK

Check Details

Version: 0.1.2
Check: LazyData
Result: NOTE
     'LazyData' is specified without a 'data' directory
Flavors: r-devel-linux-x86_64-debian-clang, r-devel-linux-x86_64-debian-gcc, r-devel-linux-x86_64-fedora-clang, r-devel-linux-x86_64-fedora-gcc, r-devel-windows-ix86+x86_64, r-devel-windows-x86_64-gcc10-UCRT, r-patched-linux-x86_64, r-patched-solaris-x86