CRAN Package Check Results for Package pedometrics

Last updated on 2018-02-18 07:50:26 CET.

Flavor Version Tinstall Tcheck Ttotal Status Flags
r-devel-linux-x86_64-debian-clang 0.6-6 12.74 41.61 54.35 NOTE
r-devel-linux-x86_64-debian-gcc 0.6-6 10.01 31.94 41.95 NOTE
r-devel-linux-x86_64-fedora-clang 0.6-6 70.88 NOTE
r-devel-linux-x86_64-fedora-gcc 0.6-6 63.34 NOTE
r-devel-windows-ix86+x86_64 0.6-6 26.00 69.00 95.00 OK
r-patched-linux-x86_64 0.6-6 12.00 42.44 54.44 NOTE
r-patched-solaris-x86 0.6-6 81.10 OK
r-release-linux-x86_64 0.6-6 10.36 41.16 51.52 NOTE
r-release-windows-ix86+x86_64 0.6-6 40.00 65.00 105.00 OK
r-release-osx-x86_64 0.6-6 ERROR
r-oldrel-windows-ix86+x86_64 0.6-6 24.00 84.00 108.00 OK
r-oldrel-osx-x86_64 0.6-6 ERROR

Check Details

Version: 0.6-6
Check: compiled code
Result: NOTE
    File ‘pedometrics/libs/pedometrics.so’:
     Found no calls to: ‘R_registerRoutines’, ‘R_useDynamicSymbols’
    
    It is good practice to register native routines and to disable symbol
    search.
    
    See ‘Writing portable packages’ in the ‘Writing R Extensions’ manual.
Flavors: r-devel-linux-x86_64-debian-clang, r-devel-linux-x86_64-debian-gcc, r-devel-linux-x86_64-fedora-clang, r-devel-linux-x86_64-fedora-gcc, r-patched-linux-x86_64, r-release-linux-x86_64

Version: 0.6-6
Check: package dependencies
Result: NOTE
    Packages suggested but not available for checking: ‘georob’ ‘spsurvey’
Flavors: r-release-osx-x86_64, r-oldrel-osx-x86_64

Version: 0.6-6
Check: Rd cross-references
Result: NOTE
    Packages unavailable to check Rd xrefs: ‘spsurvey’, ‘georob’
Flavors: r-release-osx-x86_64, r-oldrel-osx-x86_64

Version: 0.6-6
Check: examples
Result: ERROR
    Running examples in ‘pedometrics-Ex.R’ failed
    The error most likely occurred in:
    
    > ### Name: vgmICP
    > ### Title: Initial covariance parameters (ICP)
    > ### Aliases: vgmICP
    >
    > ### ** Examples
    >
    > data(meuse, package = "sp")
    > icp <- vgmICP(z = log(meuse$copper), coords = meuse[, 1:2])
    Error: Package(s) needed for this function to work but notinstalled: georob
    Execution halted
Flavor: r-release-osx-x86_64

Version: 0.6-6
Check: dependencies in R code
Result: NOTE
    Invalid MIT-MAGIC-COOKIE-1 key
Flavor: r-oldrel-osx-x86_64

Version: 0.6-6
Check: examples
Result: ERROR
    Running examples in ‘pedometrics-Ex.R’ failed
    The error most likely occurred in:
    
    > ### Name: vgmICP
    > ### Title: Initial covariance parameters (ICP)
    > ### Aliases: vgmICP
    >
    > ### ** Examples
    >
    > data(meuse, package = "sp")
    > icp <- vgmICP(z = log(meuse$copper), coords = meuse[, 1:2])
    Invalid MIT-MAGIC-COOKIE-1 keyWarning in fun(libname, pkgname) : couldn't connect to display ":0"
    Error: Package(s) needed for this function to work but notinstalled: georob
    Execution halted
Flavor: r-oldrel-osx-x86_64