CRAN Package Check Results for Package pedometrics

Last updated on 2018-11-21 13:48:37 CET.

Flavor Version Tinstall Tcheck Ttotal Status Flags
r-devel-linux-x86_64-debian-clang 0.6-6 14.53 42.55 57.08 OK
r-devel-linux-x86_64-debian-gcc 0.6-6 13.09 33.94 47.03 OK
r-devel-linux-x86_64-fedora-clang 0.6-6 75.11 NOTE
r-devel-linux-x86_64-fedora-gcc 0.6-6 68.90 NOTE
r-devel-windows-ix86+x86_64 0.6-6 39.00 110.00 149.00 OK
r-patched-linux-x86_64 0.6-6 14.19 40.57 54.76 OK
r-patched-solaris-x86 0.6-6 95.00 OK
r-release-linux-x86_64 0.6-6 16.23 41.03 57.26 OK
r-release-windows-ix86+x86_64 0.6-6 29.00 109.00 138.00 OK
r-release-osx-x86_64 0.6-6 OK
r-oldrel-windows-ix86+x86_64 0.6-6 44.00 100.00 144.00 OK
r-oldrel-osx-x86_64 0.6-6 ERROR

Check Details

Version: 0.6-6
Check: compiled code
Result: NOTE
    File ‘pedometrics/libs/pedometrics.so’:
     Found no calls to: ‘R_registerRoutines’, ‘R_useDynamicSymbols’
    
    It is good practice to register native routines and to disable symbol
    search.
    
    See ‘Writing portable packages’ in the ‘Writing R Extensions’ manual.
Flavors: r-devel-linux-x86_64-fedora-clang, r-devel-linux-x86_64-fedora-gcc

Version: 0.6-6
Check: package dependencies
Result: NOTE
    Packages suggested but not available for checking: ‘georob’ ‘spsurvey’
Flavor: r-oldrel-osx-x86_64

Version: 0.6-6
Check: Rd cross-references
Result: NOTE
    Packages unavailable to check Rd xrefs: ‘spsurvey’, ‘georob’
Flavor: r-oldrel-osx-x86_64

Version: 0.6-6
Check: examples
Result: ERROR
    Running examples in ‘pedometrics-Ex.R’ failed
    The error most likely occurred in:
    
    > ### Name: vgmICP
    > ### Title: Initial covariance parameters (ICP)
    > ### Aliases: vgmICP
    >
    > ### ** Examples
    >
    > data(meuse, package = "sp")
    > icp <- vgmICP(z = log(meuse$copper), coords = meuse[, 1:2])
    Error: Package(s) needed for this function to work but notinstalled: georob
    Execution halted
Flavor: r-oldrel-osx-x86_64