CRAN Package Check Results for Package pedometrics

Last updated on 2020-02-27 16:49:24 CET.

Flavor Version Tinstall Tcheck Ttotal Status Flags
r-devel-linux-x86_64-debian-clang 0.7.0 19.03 48.52 67.55 OK
r-devel-linux-x86_64-debian-gcc 0.7.0 12.46 37.71 50.17 OK
r-devel-linux-x86_64-fedora-clang 0.7.0 86.23 OK
r-devel-linux-x86_64-fedora-gcc 0.7.0 79.57 OK
r-devel-windows-ix86+x86_64 0.7.0 36.00 91.00 127.00 OK
r-devel-windows-ix86+x86_64-gcc8 0.7.0 40.00 96.00 136.00 OK
r-patched-linux-x86_64 0.7.0 15.02 44.40 59.42 OK
r-patched-solaris-x86 0.7.0 102.80 OK
r-release-linux-x86_64 0.7.0 13.37 43.01 56.38 OK
r-release-windows-ix86+x86_64 0.7.0 36.00 74.00 110.00 OK
r-release-osx-x86_64 0.7.0 NOTE
r-oldrel-windows-ix86+x86_64 0.7.0 23.00 76.00 99.00 OK
r-oldrel-osx-x86_64 0.7.0 NOTE

Check Details

Version: 0.7.0
Check: dependencies in R code
Result: NOTE
    No protocol specified
    No protocol specified
Flavors: r-release-osx-x86_64, r-oldrel-osx-x86_64