CRAN Package Check Results for Package pedometrics

Last updated on 2022-12-06 19:55:52 CET.

Flavor Version Tinstall Tcheck Ttotal Status Flags
r-devel-linux-x86_64-debian-clang 0.12.1 19.62 52.47 72.09 NOTE
r-devel-linux-x86_64-debian-gcc 0.12.1 16.75 40.79 57.54 NOTE
r-devel-linux-x86_64-fedora-clang 0.12.1 116.23 NOTE
r-devel-linux-x86_64-fedora-gcc 0.12.1 100.77 NOTE
r-devel-windows-x86_64 0.12.1 45.00 110.00 155.00 OK
r-patched-linux-x86_64 0.12.1 17.97 47.88 65.85 NOTE
r-release-linux-x86_64 0.12.1 18.51 49.19 67.70 NOTE
r-release-macos-arm64 0.12.1 25.00 OK
r-release-macos-x86_64 0.12.1 40.00 OK
r-release-windows-x86_64 0.12.1 43.00 104.00 147.00 OK
r-oldrel-macos-arm64 0.12.1 23.00 OK
r-oldrel-macos-x86_64 0.12.1 41.00 OK
r-oldrel-windows-ix86+x86_64 0.12.1 49.00 120.00 169.00 OK

Additional issues

noSuggests

Check Details

Version: 0.12.1
Check: package dependencies
Result: NOTE
    Package suggested but not available for checking: 'georob'
Flavors: r-devel-linux-x86_64-debian-clang, r-devel-linux-x86_64-debian-gcc, r-devel-linux-x86_64-fedora-clang, r-devel-linux-x86_64-fedora-gcc, r-patched-linux-x86_64, r-release-linux-x86_64