CRAN Package Check Results for Package pedometrics

Last updated on 2018-08-21 12:50:39 CEST.

Flavor Version Tinstall Tcheck Ttotal Status Flags
r-devel-linux-x86_64-debian-clang 0.6-6 14.18 46.34 60.52 NOTE
r-devel-linux-x86_64-debian-gcc 0.6-6 11.44 37.37 48.81 NOTE
r-devel-linux-x86_64-fedora-clang 0.6-6 77.33 NOTE
r-devel-linux-x86_64-fedora-gcc 0.6-6 74.09 NOTE
r-devel-windows-ix86+x86_64 0.6-6 39.00 81.00 120.00 OK
r-patched-linux-x86_64 0.6-6 16.05 41.18 57.23 NOTE
r-patched-solaris-x86 0.6-6 91.90 OK
r-release-linux-x86_64 0.6-6 14.40 41.15 55.55 NOTE
r-release-windows-ix86+x86_64 0.6-6 36.00 97.00 133.00 OK
r-release-osx-x86_64 0.6-6 OK
r-oldrel-windows-ix86+x86_64 0.6-6 27.00 98.00 125.00 OK
r-oldrel-osx-x86_64 0.6-6 ERROR

Check Details

Version: 0.6-6
Check: compiled code
Result: NOTE
    File ‘pedometrics/libs/pedometrics.so’:
     Found no calls to: ‘R_registerRoutines’, ‘R_useDynamicSymbols’
    
    It is good practice to register native routines and to disable symbol
    search.
    
    See ‘Writing portable packages’ in the ‘Writing R Extensions’ manual.
Flavors: r-devel-linux-x86_64-debian-clang, r-devel-linux-x86_64-debian-gcc, r-devel-linux-x86_64-fedora-clang, r-devel-linux-x86_64-fedora-gcc, r-patched-linux-x86_64, r-release-linux-x86_64

Version: 0.6-6
Check: package dependencies
Result: NOTE
    Packages suggested but not available for checking: ‘georob’ ‘spsurvey’
Flavor: r-oldrel-osx-x86_64

Version: 0.6-6
Check: Rd cross-references
Result: NOTE
    Packages unavailable to check Rd xrefs: ‘spsurvey’, ‘georob’
Flavor: r-oldrel-osx-x86_64

Version: 0.6-6
Check: examples
Result: ERROR
    Running examples in ‘pedometrics-Ex.R’ failed
    The error most likely occurred in:
    
    > ### Name: vgmICP
    > ### Title: Initial covariance parameters (ICP)
    > ### Aliases: vgmICP
    >
    > ### ** Examples
    >
    > data(meuse, package = "sp")
    > icp <- vgmICP(z = log(meuse$copper), coords = meuse[, 1:2])
    Error: Package(s) needed for this function to work but notinstalled: georob
    Execution halted
Flavor: r-oldrel-osx-x86_64