CRAN Package Check Results for Package penalizedSVM

Last updated on 2018-11-18 14:46:44 CET.

Flavor Version Tinstall Tcheck Ttotal Status Flags
r-devel-linux-x86_64-debian-clang 1.1.2 5.59 35.35 40.94 OK
r-devel-linux-x86_64-debian-gcc 1.1.2 4.41 28.45 32.86 OK
r-devel-linux-x86_64-fedora-clang 1.1.2 48.91 NOTE
r-devel-linux-x86_64-fedora-gcc 1.1.2 45.79 NOTE
r-devel-windows-ix86+x86_64 1.1.2 9.00 44.00 53.00 OK
r-patched-linux-x86_64 1.1.2 3.68 34.32 38.00 OK
r-patched-solaris-x86 1.1.2 66.00 NOTE
r-release-linux-x86_64 1.1.2 5.44 33.82 39.26 OK
r-release-windows-ix86+x86_64 1.1.2 10.00 76.00 86.00 OK
r-release-osx-x86_64 1.1.2 NOTE
r-oldrel-windows-ix86+x86_64 1.1.2 5.00 57.00 62.00 OK
r-oldrel-osx-x86_64 1.1.2 NOTE

Check Details

Version: 1.1.2
Check: dependencies in R code
Result: NOTE
    Namespace in Imports field not imported from: ‘lhs’
     All declared Imports should be used.
Flavors: r-devel-linux-x86_64-fedora-clang, r-devel-linux-x86_64-fedora-gcc, r-patched-solaris-x86, r-release-osx-x86_64, r-oldrel-osx-x86_64