CRAN Package Check Results for Package penalizedSVM

Last updated on 2018-08-19 06:46:53 CEST.

Flavor Version Tinstall Tcheck Ttotal Status Flags
r-devel-linux-x86_64-debian-clang 1.1.2 5.21 35.69 40.90 OK
r-devel-linux-x86_64-debian-gcc 1.1.2 4.06 28.11 32.17 OK
r-devel-linux-x86_64-fedora-clang 1.1.2 47.62 NOTE
r-devel-linux-x86_64-fedora-gcc 1.1.2 47.37 NOTE
r-devel-windows-ix86+x86_64 1.1.2 10.00 55.00 65.00 OK
r-patched-linux-x86_64 1.1.2 5.44 33.78 39.22 OK
r-patched-solaris-x86 1.1.2 67.10 NOTE
r-release-linux-x86_64 1.1.2 5.35 33.69 39.04 OK
r-release-windows-ix86+x86_64 1.1.2 9.00 41.00 50.00 OK
r-release-osx-x86_64 1.1.2 NOTE
r-oldrel-windows-ix86+x86_64 1.1.2 3.00 60.00 63.00 OK
r-oldrel-osx-x86_64 1.1.2 NOTE

Check Details

Version: 1.1.2
Check: dependencies in R code
Result: NOTE
    Namespace in Imports field not imported from: ‘lhs’
     All declared Imports should be used.
Flavors: r-devel-linux-x86_64-fedora-clang, r-devel-linux-x86_64-fedora-gcc, r-patched-solaris-x86, r-release-osx-x86_64, r-oldrel-osx-x86_64