CRAN Package Check Results for Package penalizedSVM

Last updated on 2019-02-21 01:50:54 CET.

Flavor Version Tinstall Tcheck Ttotal Status Flags
r-devel-linux-x86_64-debian-clang 1.1.2 5.84 36.36 42.20 OK
r-devel-linux-x86_64-debian-gcc 1.1.2 3.91 28.10 32.01 OK
r-devel-linux-x86_64-fedora-clang 1.1.2 49.75 NOTE
r-devel-linux-x86_64-fedora-gcc 1.1.2 47.29 NOTE
r-devel-windows-ix86+x86_64 1.1.2 11.00 48.00 59.00 OK
r-patched-linux-x86_64 1.1.2 OK
r-patched-solaris-x86 1.1.2 65.40 NOTE
r-release-linux-x86_64 1.1.2 OK
r-release-windows-ix86+x86_64 1.1.2 6.00 71.00 77.00 OK
r-release-osx-x86_64 1.1.2 NOTE
r-oldrel-windows-ix86+x86_64 1.1.2 3.00 66.00 69.00 OK
r-oldrel-osx-x86_64 1.1.2 NOTE

Check Details

Version: 1.1.2
Check: dependencies in R code
Result: NOTE
    Namespace in Imports field not imported from: ‘lhs’
     All declared Imports should be used.
Flavors: r-devel-linux-x86_64-fedora-clang, r-devel-linux-x86_64-fedora-gcc, r-patched-solaris-x86, r-release-osx-x86_64, r-oldrel-osx-x86_64