Last updated on 2022-05-17 21:50:54 CEST.
Flavor | Version | Tinstall | Tcheck | Ttotal | Status | Flags |
---|---|---|---|---|---|---|
r-devel-linux-x86_64-debian-clang | 2.1.0 | 497.09 | 176.48 | 673.57 | OK | |
r-devel-linux-x86_64-debian-gcc | 2.1.0 | 369.31 | 127.27 | 496.58 | OK | |
r-devel-linux-x86_64-fedora-clang | 2.1.0 | 1006.24 | NOTE | |||
r-devel-linux-x86_64-fedora-gcc | 2.1.0 | 832.03 | OK | |||
r-devel-windows-x86_64 | 2.1.0 | 534.00 | 254.00 | 788.00 | OK | |
r-patched-linux-x86_64 | 2.1.0 | 379.71 | 170.60 | 550.31 | OK | |
r-release-linux-x86_64 | 2.1.0 | 392.17 | 168.48 | 560.65 | OK | |
r-release-macos-arm64 | 2.1.0 | 224.00 | NOTE | |||
r-release-macos-x86_64 | 2.1.0 | 260.00 | NOTE | |||
r-release-windows-x86_64 | 2.1.0 | 370.00 | 256.00 | 626.00 | OK | |
r-oldrel-macos-arm64 | 2.1.0 | 237.00 | NOTE | |||
r-oldrel-macos-x86_64 | 2.1.0 | 235.00 | NOTE | |||
r-oldrel-windows-ix86+x86_64 | 2.1.0 | 920.00 | 346.00 | 1266.00 | NOTE |
Version: 2.1.0
Check: installed package size
Result: NOTE
installed size is 36.0Mb
sub-directories of 1Mb or more:
libs 34.8Mb
Flavors: r-devel-linux-x86_64-fedora-clang, r-release-macos-arm64, r-release-macos-x86_64, r-oldrel-macos-arm64, r-oldrel-macos-x86_64, r-oldrel-windows-ix86+x86_64