CRAN Package Check Results for Package performanceEstimation

Last updated on 2018-11-13 02:48:47 CET.

Flavor Version Tinstall Tcheck Ttotal Status Flags
r-devel-linux-x86_64-debian-clang 1.1.0 6.53 44.07 50.60 OK
r-devel-linux-x86_64-debian-gcc 1.1.0 3.39 34.70 38.09 OK
r-devel-linux-x86_64-fedora-clang 1.1.0 58.85 OK
r-devel-linux-x86_64-fedora-gcc 1.1.0 55.46 OK
r-devel-windows-ix86+x86_64 1.1.0 8.00 99.00 107.00 OK
r-patched-linux-x86_64 1.1.0 5.34 39.68 45.02 OK
r-patched-solaris-x86 1.1.0 71.70 OK
r-release-linux-x86_64 1.1.0 4.84 40.47 45.31 OK
r-release-windows-ix86+x86_64 1.1.0 14.00 53.00 67.00 OK
r-release-osx-x86_64 1.1.0 OK
r-oldrel-windows-ix86+x86_64 1.1.0 8.00 65.00 73.00 OK
r-oldrel-osx-x86_64 1.1.0 NOTE

Check Details

Version: 1.1.0
Check: package dependencies
Result: NOTE
    Package suggested but not available for checking: ‘devtools’
Flavor: r-oldrel-osx-x86_64