CRAN Package Check Results for Package performanceEstimation

Last updated on 2018-02-23 10:48:27 CET.

Flavor Version Tinstall Tcheck Ttotal Status Flags
r-devel-linux-x86_64-debian-clang 1.1.0 5.99 36.03 42.02 OK
r-devel-linux-x86_64-debian-gcc 1.1.0 4.57 30.90 35.47 OK
r-devel-linux-x86_64-fedora-clang 1.1.0 55.56 OK
r-devel-linux-x86_64-fedora-gcc 1.1.0 52.33 OK
r-devel-windows-ix86+x86_64 1.1.0 12.00 63.00 75.00 OK
r-patched-linux-x86_64 1.1.0 2.27 40.11 42.38 OK
r-patched-solaris-x86 1.1.0 58.90 OK
r-release-linux-x86_64 1.1.0 2.35 39.96 42.31 OK
r-release-windows-ix86+x86_64 1.1.0 9.00 63.00 72.00 OK
r-release-osx-x86_64 1.1.0 NOTE
r-oldrel-windows-ix86+x86_64 1.1.0 5.00 44.00 49.00 OK
r-oldrel-osx-x86_64 1.1.0 OK

Check Details

Version: 1.1.0
Check: package dependencies
Result: NOTE
    Package suggested but not available for checking: ‘devtools’
Flavor: r-release-osx-x86_64