CRAN Package Check Results for Package performanceEstimation

Last updated on 2018-08-19 22:53:25 CEST.

Flavor Version Tinstall Tcheck Ttotal Status Flags
r-devel-linux-x86_64-debian-clang 1.1.0 4.78 43.02 47.80 OK
r-devel-linux-x86_64-debian-gcc 1.1.0 4.53 34.76 39.29 OK
r-devel-linux-x86_64-fedora-clang 1.1.0 56.76 OK
r-devel-linux-x86_64-fedora-gcc 1.1.0 55.31 OK
r-devel-windows-ix86+x86_64 1.1.0 12.00 68.00 80.00 OK
r-patched-linux-x86_64 1.1.0 3.74 39.68 43.42 OK
r-patched-solaris-x86 1.1.0 72.10 OK
r-release-linux-x86_64 1.1.0 5.39 39.94 45.33 OK
r-release-windows-ix86+x86_64 1.1.0 13.00 47.00 60.00 OK
r-release-osx-x86_64 1.1.0 OK
r-oldrel-windows-ix86+x86_64 1.1.0 5.00 65.00 70.00 OK
r-oldrel-osx-x86_64 1.1.0 NOTE

Check Details

Version: 1.1.0
Check: package dependencies
Result: NOTE
    Package suggested but not available for checking: ‘devtools’
Flavor: r-oldrel-osx-x86_64