CRAN Package Check Results for Package performanceEstimation

Last updated on 2019-02-15 20:47:00 CET.

Flavor Version Tinstall Tcheck Ttotal Status Flags
r-devel-linux-x86_64-debian-clang 1.1.0 5.17 42.63 47.80 OK
r-devel-linux-x86_64-debian-gcc 1.1.0 5.41 33.35 38.76 OK
r-devel-linux-x86_64-fedora-clang 1.1.0 58.86 OK
r-devel-linux-x86_64-fedora-gcc 1.1.0 54.60 OK
r-devel-windows-ix86+x86_64 1.1.0 14.00 77.00 91.00 OK
r-patched-linux-x86_64 1.1.0 6.20 40.62 46.82 OK
r-patched-solaris-x86 1.1.0 69.80 OK
r-release-linux-x86_64 1.1.0 5.13 39.79 44.92 OK
r-release-windows-ix86+x86_64 1.1.0 7.00 81.00 88.00 OK
r-release-osx-x86_64 1.1.0 OK
r-oldrel-windows-ix86+x86_64 1.1.0 10.00 76.00 86.00 OK
r-oldrel-osx-x86_64 1.1.0 NOTE

Check Details

Version: 1.1.0
Check: package dependencies
Result: NOTE
    Package suggested but not available for checking: ‘devtools’
Flavor: r-oldrel-osx-x86_64