CRAN Package Check Results for Package performanceEstimation

Last updated on 2018-05-26 02:48:48 CEST.

Flavor Version Tinstall Tcheck Ttotal Status Flags
r-devel-linux-x86_64-debian-clang 1.1.0 5.00 42.41 47.41 OK
r-devel-linux-x86_64-debian-gcc 1.1.0 4.33 32.72 37.05 OK
r-devel-linux-x86_64-fedora-clang 1.1.0 57.79 OK
r-devel-linux-x86_64-fedora-gcc 1.1.0 55.94 OK
r-devel-windows-ix86+x86_64 1.1.0 12.00 46.00 58.00 OK
r-patched-linux-x86_64 1.1.0 5.74 39.48 45.22 OK
r-patched-solaris-x86 1.1.0 70.10 OK
r-release-linux-x86_64 1.1.0 5.79 39.55 45.34 OK
r-release-windows-ix86+x86_64 1.1.0 13.00 74.00 87.00 OK
r-release-osx-x86_64 1.1.0 OK
r-oldrel-windows-ix86+x86_64 1.1.0 7.00 52.00 59.00 OK
r-oldrel-osx-x86_64 1.1.0 NOTE

Check Details

Version: 1.1.0
Check: package dependencies
Result: NOTE
    Package suggested but not available for checking: ‘devtools’
Flavor: r-oldrel-osx-x86_64