CRAN Package Check Results for Package permute

Last updated on 2024-02-24 12:49:26 CET.

Flavor Version Tinstall Tcheck Ttotal Status Flags
r-devel-linux-x86_64-debian-clang 0.9-7 4.00 58.12 62.12 NOTE
r-devel-linux-x86_64-debian-gcc 0.9-7 3.06 43.56 46.62 NOTE
r-devel-linux-x86_64-fedora-clang 0.9-7 75.43 NOTE
r-devel-linux-x86_64-fedora-gcc 0.9-7 84.28 NOTE
r-devel-windows-x86_64 0.9-7 4.00 72.00 76.00 NOTE
r-patched-linux-x86_64 0.9-7 4.53 56.24 60.77 NOTE
r-release-linux-x86_64 0.9-7 4.22 55.13 59.35 NOTE
r-release-macos-arm64 0.9-7 33.00 NOTE
r-release-macos-x86_64 0.9-7 50.00 NOTE
r-release-windows-x86_64 0.9-7 4.00 76.00 80.00 NOTE
r-oldrel-macos-arm64 0.9-7 28.00 OK
r-oldrel-windows-x86_64 0.9-7 6.00 83.00 89.00 OK

Check Details

Version: 0.9-7
Check: Rd files
Result: NOTE checkRd: (-1) jackal.Rd:32: Escaped LaTeX specials: \& Flavors: r-devel-linux-x86_64-debian-clang, r-devel-linux-x86_64-debian-gcc, r-devel-linux-x86_64-fedora-clang, r-devel-linux-x86_64-fedora-gcc, r-devel-windows-x86_64, r-patched-linux-x86_64, r-release-linux-x86_64, r-release-macos-arm64, r-release-macos-x86_64, r-release-windows-x86_64