CRAN Package Check Results for Package perutimber

Last updated on 2024-04-17 16:53:15 CEST.

Flavor Version Tinstall Tcheck Ttotal Status Flags
r-devel-linux-x86_64-debian-clang 0.1.0 4.93 34.87 39.80 OK
r-devel-linux-x86_64-debian-gcc 0.1.0 2.76 26.07 28.83 OK
r-devel-linux-x86_64-fedora-clang 0.1.0 47.45 NOTE
r-devel-linux-x86_64-fedora-gcc 0.1.0 45.78 NOTE
r-prerel-macos-arm64 0.1.0 19.00 OK
r-prerel-windows-x86_64 0.1.0 4.00 48.00 52.00 OK
r-patched-linux-x86_64 0.1.0 4.71 32.02 36.73 OK
r-release-linux-x86_64 0.1.0 2.78 32.24 35.02 OK
r-release-macos-arm64 0.1.0 20.00 OK
r-release-macos-x86_64 0.1.0 47.00 OK
r-release-windows-x86_64 0.1.0 5.00 50.00 55.00 OK
r-oldrel-macos-arm64 0.1.0 23.00 OK
r-oldrel-windows-x86_64 0.1.0 5.00 52.00 57.00 OK

Check Details

Version: 0.1.0
Check: data for non-ASCII characters
Result: NOTE Note: found 1782 marked UTF-8 strings Flavors: r-devel-linux-x86_64-fedora-clang, r-devel-linux-x86_64-fedora-gcc