CRAN Package Check Results for Package pez

Last updated on 2018-12-17 15:49:40 CET.

Flavor Version Tinstall Tcheck Ttotal Status Flags
r-devel-linux-x86_64-debian-clang 1.1-1 10.76 3.12 13.88 ERROR
r-devel-linux-x86_64-debian-gcc 1.1-1 8.62 2.29 10.91 ERROR
r-devel-linux-x86_64-fedora-clang 1.1-1 211.34 OK
r-devel-linux-x86_64-fedora-gcc 1.1-1 201.88 OK
r-devel-windows-ix86+x86_64 1.1-1 21.00 238.00 259.00 OK
r-patched-linux-x86_64 1.1-1 10.53 2.72 13.25 ERROR
r-patched-solaris-x86 1.1-1 291.20 OK
r-release-linux-x86_64 1.1-1 9.72 168.12 177.84 OK
r-release-windows-ix86+x86_64 1.1-1 24.00 247.00 271.00 OK
r-release-osx-x86_64 1.1-1 OK
r-oldrel-windows-ix86+x86_64 1.1-1 15.00 258.00 273.00 OK
r-oldrel-osx-x86_64 1.1-1 OK

Check Details

Version: 1.1-1
Check: whether the package can be loaded
Result: ERROR
    Loading this package had a fatal error status code 1
    Loading log:
    Loading required package: ape
    Error: package or namespace load failed for ‘ape’ in dyn.load(file, DLLpath = DLLpath, ...):
     unable to load shared object ‘/home/hornik/tmp/R.check/r-devel-clang/Work/build/Packages/lattice/libs/lattice.so’:
     /home/hornik/tmp/R.check/r-devel-clang/Work/build/Packages/lattice/libs/lattice.so: failed to map segment from shared object
    Error: package ‘ape’ could not be loaded
    Execution halted
Flavor: r-devel-linux-x86_64-debian-clang

Version: 1.1-1
Check: whether the package can be loaded
Result: ERROR
    Loading this package had a fatal error status code 1
    Loading log:
    Loading required package: ape
    Error: package or namespace load failed for ‘ape’ in dyn.load(file, DLLpath = DLLpath, ...):
     unable to load shared object ‘/home/hornik/tmp/R.check/r-devel-gcc/Work/build/Packages/lattice/libs/lattice.so’:
     /home/hornik/tmp/R.check/r-devel-gcc/Work/build/Packages/lattice/libs/lattice.so: failed to map segment from shared object
    Error: package ‘ape’ could not be loaded
    Execution halted
Flavor: r-devel-linux-x86_64-debian-gcc

Version: 1.1-1
Check: whether the package can be loaded
Result: ERROR
    Loading this package had a fatal error status code 1
    Loading log:
    Loading required package: ape
    Error: package or namespace load failed for ‘ape’ in dyn.load(file, DLLpath = DLLpath, ...):
     unable to load shared object ‘/home/hornik/tmp/R.check/r-patched-gcc/Work/build/Packages/lattice/libs/lattice.so’:
     /home/hornik/tmp/R.check/r-patched-gcc/Work/build/Packages/lattice/libs/lattice.so: failed to map segment from shared object
    Error: package ‘ape’ could not be loaded
    Execution halted
Flavor: r-patched-linux-x86_64