CRAN Package Check Results for Package phacking

Last updated on 2024-02-21 14:48:37 CET.

Flavor Version Tinstall Tcheck Ttotal Status Flags
r-devel-linux-x86_64-debian-clang 0.2.1 NOTE
r-devel-linux-x86_64-debian-gcc 0.2.1 133.06 293.47 426.53 NOTE
r-devel-linux-x86_64-fedora-clang 0.2.1 562.31 NOTE
r-devel-linux-x86_64-fedora-gcc 0.2.1 697.14 NOTE
r-devel-windows-x86_64 0.2.1 125.00 288.00 413.00 NOTE
r-patched-linux-x86_64 0.2.1 116.50 364.90 481.40 NOTE
r-release-linux-x86_64 0.2.1 119.47 376.00 495.47 NOTE
r-release-macos-arm64 0.2.1 111.00 NOTE
r-release-macos-x86_64 0.2.1 249.00 NOTE
r-release-windows-x86_64 0.2.1 154.00 339.00 493.00 NOTE
r-oldrel-macos-arm64 0.2.1 110.00 NOTE
r-oldrel-windows-x86_64 0.2.1 141.00 320.00 461.00 NOTE

Check Details

Version: 0.2.1
Check: for GNU extensions in Makefiles
Result: NOTE GNU make is a SystemRequirements. Flavors: r-devel-linux-x86_64-debian-clang, r-devel-linux-x86_64-debian-gcc, r-devel-linux-x86_64-fedora-clang, r-devel-linux-x86_64-fedora-gcc, r-devel-windows-x86_64, r-patched-linux-x86_64, r-release-linux-x86_64, r-release-macos-arm64, r-release-macos-x86_64, r-release-windows-x86_64, r-oldrel-macos-arm64, r-oldrel-windows-x86_64

Version: 0.2.1
Check: installed package size
Result: NOTE installed size is 34.0Mb sub-directories of 1Mb or more: libs 33.7Mb Flavors: r-release-macos-arm64, r-release-macos-x86_64, r-oldrel-macos-arm64