CRAN Package Check Results for Package phangorn

Last updated on 2018-02-19 11:49:10 CET.

Flavor Version Tinstall Tcheck Ttotal Status Flags
r-devel-linux-x86_64-debian-clang 2.4.0 46.14 197.70 243.84 OK
r-devel-linux-x86_64-debian-gcc 2.4.0 38.52 163.14 201.66 OK
r-devel-linux-x86_64-fedora-clang 2.4.0 327.07 NOTE
r-devel-linux-x86_64-fedora-gcc 2.4.0 306.76 NOTE
r-devel-windows-ix86+x86_64 2.4.0 99.00 338.00 437.00 OK
r-patched-linux-x86_64 2.4.0 45.66 245.01 290.67 OK
r-patched-solaris-x86 2.4.0 396.10 OK
r-release-linux-x86_64 2.4.0 40.59 238.16 278.75 OK
r-release-windows-ix86+x86_64 2.4.0 80.00 285.00 365.00 OK
r-release-osx-x86_64 2.4.0 NOTE
r-oldrel-windows-ix86+x86_64 2.4.0 66.00 270.00 336.00 OK
r-oldrel-osx-x86_64 2.3.1 OK

Check Details

Version: 2.4.0
Check: package dependencies
Result: NOTE
    Package suggested but not available for checking: ‘Biostrings’
Flavors: r-devel-linux-x86_64-fedora-clang, r-devel-linux-x86_64-fedora-gcc, r-release-osx-x86_64