CRAN Package Check Results for Package phangorn

Last updated on 2019-02-21 07:48:46 CET.

Flavor Version Tinstall Tcheck Ttotal Status Flags
r-devel-linux-x86_64-debian-clang 2.4.0 46.26 248.78 295.04 OK
r-devel-linux-x86_64-debian-gcc 2.4.0 35.73 182.21 217.94 OK
r-devel-linux-x86_64-fedora-clang 2.4.0 356.65 OK
r-devel-linux-x86_64-fedora-gcc 2.4.0 331.26 OK
r-devel-windows-ix86+x86_64 2.4.0 108.00 375.00 483.00 OK
r-patched-linux-x86_64 2.4.0 OK
r-patched-solaris-x86 2.4.0 391.50 OK
r-release-linux-x86_64 2.4.0 OK
r-release-windows-ix86+x86_64 2.4.0 92.00 379.00 471.00 OK
r-release-osx-x86_64 2.4.0 OK
r-oldrel-windows-ix86+x86_64 2.4.0 87.00 341.00 428.00 OK
r-oldrel-osx-x86_64 2.4.0 NOTE

Check Details

Version: 2.4.0
Check: package dependencies
Result: NOTE
    Package suggested but not available for checking: ‘Biostrings’
Flavor: r-oldrel-osx-x86_64