Last updated on 2023-09-28 10:56:52 CEST.
Flavor | Version | Tinstall | Tcheck | Ttotal | Status | Flags |
---|---|---|---|---|---|---|
r-devel-linux-x86_64-debian-clang | 2.11.1 | 74.38 | 483.90 | 558.28 | NOTE | |
r-devel-linux-x86_64-debian-gcc | 2.11.1 | 48.33 | 355.71 | 404.04 | NOTE | |
r-devel-linux-x86_64-fedora-clang | 2.11.1 | 706.69 | NOTE | |||
r-devel-linux-x86_64-fedora-gcc | 2.11.1 | 741.35 | NOTE | |||
r-devel-windows-x86_64 | 2.11.1 | 56.00 | 358.00 | 414.00 | NOTE | |
r-patched-linux-x86_64 | 2.11.1 | 67.31 | 461.55 | 528.86 | NOTE | |
r-release-linux-x86_64 | 2.11.1 | 69.68 | 455.89 | 525.57 | NOTE | |
r-release-macos-arm64 | 2.11.1 | 199.00 | NOTE | |||
r-release-macos-x86_64 | 2.11.1 | 324.00 | NOTE | |||
r-release-windows-x86_64 | 2.11.1 | 78.00 | 469.00 | 547.00 | NOTE | |
r-oldrel-macos-arm64 | 2.11.1 | 176.00 | NOTE | |||
r-oldrel-macos-x86_64 | 2.11.1 | 219.00 | NOTE | |||
r-oldrel-windows-x86_64 | 2.11.1 | 72.00 | 447.00 | 519.00 | NOTE |
Version: 2.11.1
Check: C++ specification
Result: NOTE
Specified C++11: please drop specification unless essential
Flavors: r-devel-linux-x86_64-debian-clang, r-devel-linux-x86_64-debian-gcc, r-devel-linux-x86_64-fedora-clang, r-devel-linux-x86_64-fedora-gcc, r-devel-windows-x86_64, r-patched-linux-x86_64, r-release-linux-x86_64, r-release-macos-arm64, r-release-macos-x86_64, r-release-windows-x86_64
Version: 2.11.1
Check: installed package size
Result: NOTE
installed size is 5.2Mb
sub-directories of 1Mb or more:
doc 1.5Mb
libs 1.3Mb
Flavors: r-devel-windows-x86_64, r-release-macos-arm64, r-release-macos-x86_64, r-release-windows-x86_64, r-oldrel-macos-arm64, r-oldrel-macos-x86_64, r-oldrel-windows-x86_64
Version: 2.11.1
Check: package dependencies
Result: NOTE
Package suggested but not available for checking: ‘seqLogo’
Flavor: r-release-macos-arm64
Version: 2.11.1
Check: package dependencies
Result: NOTE
Packages suggested but not available for checking: 'Biostrings', 'seqLogo'
Flavor: r-release-macos-x86_64