CRAN Package Check Results for Package phangorn

Last updated on 2018-11-21 15:47:34 CET.

Flavor Version Tinstall Tcheck Ttotal Status Flags
r-devel-linux-x86_64-debian-clang 2.4.0 46.05 226.01 272.06 OK
r-devel-linux-x86_64-debian-gcc 2.4.0 38.02 170.11 208.13 OK
r-devel-linux-x86_64-fedora-clang 2.4.0 335.72 OK
r-devel-linux-x86_64-fedora-gcc 2.4.0 321.09 OK
r-devel-windows-ix86+x86_64 2.4.0 109.00 365.00 474.00 OK
r-patched-linux-x86_64 2.4.0 42.17 227.02 269.19 OK
r-patched-solaris-x86 2.4.0 399.40 OK
r-release-linux-x86_64 2.4.0 43.96 226.56 270.52 OK
r-release-windows-ix86+x86_64 2.4.0 87.00 366.00 453.00 OK
r-release-osx-x86_64 2.4.0 OK
r-oldrel-windows-ix86+x86_64 2.4.0 123.00 411.00 534.00 OK
r-oldrel-osx-x86_64 2.4.0 NOTE

Check Details

Version: 2.4.0
Check: package dependencies
Result: NOTE
    Package suggested but not available for checking: ‘Biostrings’
Flavor: r-oldrel-osx-x86_64