CRAN Package Check Results for Package phangorn

Last updated on 2018-05-21 00:50:13 CEST.

Flavor Version Tinstall Tcheck Ttotal Status Flags
r-devel-linux-x86_64-debian-clang 2.4.0 53.68 198.24 251.92 OK
r-devel-linux-x86_64-debian-gcc 2.4.0 35.17 169.91 205.08 OK
r-devel-linux-x86_64-fedora-clang 2.4.0 336.65 OK
r-devel-linux-x86_64-fedora-gcc 2.4.0 332.23 OK
r-devel-windows-ix86+x86_64 2.4.0 109.00 276.00 385.00 OK
r-patched-linux-x86_64 2.4.0 42.22 224.14 266.36 OK
r-patched-solaris-x86 2.4.0 393.50 OK
r-release-linux-x86_64 2.4.0 45.87 213.95 259.82 OK
r-release-windows-ix86+x86_64 2.4.0 79.00 262.00 341.00 OK
r-release-osx-x86_64 2.4.0 OK
r-oldrel-windows-ix86+x86_64 2.4.0 86.00 283.00 369.00 OK
r-oldrel-osx-x86_64 2.4.0 NOTE

Check Details

Version: 2.4.0
Check: package dependencies
Result: NOTE
    Package suggested but not available for checking: ‘Biostrings’
Flavor: r-oldrel-osx-x86_64