CRAN Package Check Results for Package phangorn

Last updated on 2018-08-21 20:46:39 CEST.

Flavor Version Tinstall Tcheck Ttotal Status Flags
r-devel-linux-x86_64-debian-clang 2.4.0 43.26 228.80 272.06 OK
r-devel-linux-x86_64-debian-gcc 2.4.0 39.61 182.89 222.50 OK
r-devel-linux-x86_64-fedora-clang 2.4.0 352.76 OK
r-devel-linux-x86_64-fedora-gcc 2.4.0 325.12 OK
r-devel-windows-ix86+x86_64 2.4.0 109.00 300.00 409.00 OK
r-patched-linux-x86_64 2.4.0 45.39 223.94 269.33 OK
r-patched-solaris-x86 2.4.0 392.40 OK
r-release-linux-x86_64 2.4.0 41.67 221.85 263.52 OK
r-release-windows-ix86+x86_64 2.4.0 115.00 273.00 388.00 OK
r-release-osx-x86_64 2.4.0 OK
r-oldrel-windows-ix86+x86_64 2.4.0 74.00 378.00 452.00 OK
r-oldrel-osx-x86_64 2.4.0 NOTE

Check Details

Version: 2.4.0
Check: package dependencies
Result: NOTE
    Package suggested but not available for checking: ‘Biostrings’
Flavor: r-oldrel-osx-x86_64