CRAN Package Check Results for Package phase1PRMD

Last updated on 2024-02-29 20:52:56 CET.

Flavor Version Tinstall Tcheck Ttotal Status Flags
r-devel-linux-x86_64-debian-clang 1.0.2 7.88 76.30 84.18 OK
r-devel-linux-x86_64-debian-gcc 1.0.2 7.59 57.69 65.28 OK
r-devel-linux-x86_64-fedora-clang 1.0.2 105.92 NOTE
r-devel-linux-x86_64-fedora-gcc 1.0.2 99.87 OK
r-devel-windows-x86_64 1.0.2 10.00 78.00 88.00 OK
r-patched-linux-x86_64 1.0.2 10.82 74.90 85.72 OK
r-release-linux-x86_64 1.0.2 6.47 74.51 80.98 OK
r-release-macos-arm64 1.0.2 32.00 OK
r-release-macos-x86_64 1.0.2 57.00 NOTE
r-release-windows-x86_64 1.0.2 14.00 92.00 106.00 OK
r-oldrel-macos-arm64 1.0.2 41.00 OK
r-oldrel-windows-x86_64 1.0.2 13.00 94.00 107.00 OK

Check Details

Version: 1.0.2
Check: Rd cross-references
Result: NOTE Undeclared package ‘phase1RMD’ in Rd xrefs Flavor: r-devel-linux-x86_64-fedora-clang

Version: 1.0.2
Check: Rd cross-references
Result: NOTE Package unavailable to check Rd xrefs: ‘phase1RMD’ Flavor: r-release-macos-x86_64