CRAN Package Check Results for Package phase1PRMD

Last updated on 2022-07-03 04:49:08 CEST.

Flavor Version Tinstall Tcheck Ttotal Status Flags
r-devel-linux-x86_64-debian-clang 1.0.2 8.44 83.98 92.42 OK
r-devel-linux-x86_64-debian-gcc 1.0.2 7.82 62.99 70.81 OK
r-devel-linux-x86_64-fedora-clang 1.0.2 121.54 NOTE
r-devel-linux-x86_64-fedora-gcc 1.0.2 119.65 OK
r-devel-windows-x86_64 1.0.2 30.00 106.00 136.00 OK
r-patched-linux-x86_64 1.0.2 11.30 81.11 92.41 OK
r-release-linux-x86_64 1.0.2 8.12 80.48 88.60 OK
r-release-macos-arm64 1.0.2 41.00 OK
r-release-macos-x86_64 1.0.2 49.00 OK
r-release-windows-x86_64 1.0.2 19.00 108.00 127.00 OK
r-oldrel-macos-arm64 1.0.2 35.00 OK
r-oldrel-macos-x86_64 1.0.2 56.00 OK
r-oldrel-windows-ix86+x86_64 1.0.2 24.00 106.00 130.00 OK

Check Details

Version: 1.0.2
Check: Rd cross-references
Result: NOTE
    Undeclared package ‘phase1RMD’ in Rd xrefs
Flavor: r-devel-linux-x86_64-fedora-clang