Last updated on 2021-01-25 00:48:05 CET.
Flavor | Version | Tinstall | Tcheck | Ttotal | Status | Flags |
---|---|---|---|---|---|---|
r-devel-linux-x86_64-debian-clang | 1.0.2 | 9.26 | 70.99 | 80.25 | OK | |
r-devel-linux-x86_64-debian-gcc | 1.0.2 | 6.25 | 53.25 | 59.50 | OK | |
r-devel-linux-x86_64-fedora-clang | 1.0.2 | 102.04 | NOTE | |||
r-devel-linux-x86_64-fedora-gcc | 1.0.2 | 91.61 | OK | |||
r-devel-windows-ix86+x86_64 | 1.0.2 | 22.00 | 81.00 | 103.00 | OK | |
r-patched-linux-x86_64 | 1.0.2 | 8.81 | 65.24 | 74.05 | OK | |
r-patched-solaris-x86 | 1.0.2 | 129.70 | OK | |||
r-release-linux-x86_64 | 1.0.2 | 7.99 | 65.21 | 73.20 | OK | |
r-release-macos-x86_64 | 1.0.2 | OK | ||||
r-release-windows-ix86+x86_64 | 1.0.2 | 37.00 | 95.00 | 132.00 | OK | |
r-oldrel-macos-x86_64 | 1.0.2 | OK | ||||
r-oldrel-windows-ix86+x86_64 | 1.0.2 | 14.00 | 88.00 | 102.00 | OK |
Version: 1.0.2
Check: Rd cross-references
Result: NOTE
Undeclared package ‘phase1RMD’ in Rd xrefs
Flavor: r-devel-linux-x86_64-fedora-clang