CRAN Package Check Results for Package pheatmap

Last updated on 2019-03-23 10:47:14 CET.

Flavor Version Tinstall Tcheck Ttotal Status Flags
r-devel-linux-x86_64-debian-clang 1.0.12 3.63 30.55 34.18 OK
r-devel-linux-x86_64-debian-gcc 1.0.12 2.83 24.12 26.95 OK
r-devel-linux-x86_64-fedora-clang 1.0.12 40.63 OK
r-devel-linux-x86_64-fedora-gcc 1.0.12 40.09 OK
r-devel-windows-ix86+x86_64 1.0.12 10.00 56.00 66.00 OK
r-patched-linux-x86_64 1.0.12 2.30 28.95 31.25 OK
r-patched-solaris-x86 1.0.12 56.00 OK
r-release-linux-x86_64 1.0.12 0.28 1.86 2.14 ERROR
r-release-windows-ix86+x86_64 1.0.12 4.00 44.00 48.00 OK
r-release-osx-x86_64 1.0.12 OK
r-oldrel-windows-ix86+x86_64 1.0.12 5.00 59.00 64.00 OK
r-oldrel-osx-x86_64 1.0.12 OK

Check Details

Version: 1.0.12
Check: whether package can be installed
Result: ERROR
    Installation failed.
Flavor: r-release-linux-x86_64