CRAN Package Check Results for Package pheno

Last updated on 2024-03-02 13:50:28 CET.

Flavor Version Tinstall Tcheck Ttotal Status Flags
r-devel-linux-x86_64-debian-clang 1.7-0 11.68 80.70 92.38 NOTE
r-devel-linux-x86_64-debian-gcc 1.7-0 7.70 61.90 69.60 NOTE
r-devel-linux-x86_64-fedora-clang 1.7-0 112.11 NOTE
r-devel-linux-x86_64-fedora-gcc 1.7-0 107.99 NOTE
r-devel-windows-x86_64 1.7-0 11.00 81.00 92.00 NOTE
r-patched-linux-x86_64 1.7-0 9.63 79.72 89.35 NOTE
r-release-linux-x86_64 1.7-0 8.53 80.93 89.46 NOTE
r-release-macos-arm64 1.7-0 42.00 NOTE
r-release-macos-x86_64 1.7-0 62.00 NOTE
r-release-windows-x86_64 1.7-0 15.00 93.00 108.00 NOTE
r-oldrel-macos-arm64 1.7-0 39.00 OK
r-oldrel-windows-x86_64 1.7-0 14.00 98.00 112.00 OK

Check Details

Version: 1.7-0
Check: Rd files
Result: NOTE checkRd: (-1) connectedSets.Rd:27: Escaped LaTeX specials: \_ \_ checkRd: (-1) connectedSets.Rd:29: Escaped LaTeX specials: \_ \_ checkRd: (-1) connectedSets.Rd:31: Escaped LaTeX specials: \_ \_ checkRd: (-1) maxConnectedSet.Rd:35: Escaped LaTeX specials: \_ \_ \_ \_ \_ \_ \_ \_ checkRd: (-1) maxConnectedSet.Rd:37: Escaped LaTeX specials: \_ \_ \_ \_ \_ \_ \_ \_ \_ \_ checkRd: (-1) maxConnectedSet.Rd:39: Escaped LaTeX specials: \_ \_ \_ \_ \_ \_ \_ \_ \_ \_ checkRd: (-1) maxConnectedSet.Rd:41: Escaped LaTeX specials: \_ \_ \_ \_ \_ \_ \_ \_ \_ \_ checkRd: (-1) maxConnectedSet.Rd:45: Escaped LaTeX specials: \_ \_ \_ \_ \_ \_ \_ \_ \_ \_ checkRd: (-1) maxConnectedSet.Rd:47: Escaped LaTeX specials: \_ \_ Flavors: r-devel-linux-x86_64-debian-clang, r-devel-linux-x86_64-debian-gcc, r-devel-linux-x86_64-fedora-clang, r-devel-linux-x86_64-fedora-gcc, r-devel-windows-x86_64, r-patched-linux-x86_64, r-release-linux-x86_64, r-release-macos-arm64, r-release-macos-x86_64, r-release-windows-x86_64