CRAN Package Check Results for Package phenoCDM

Last updated on 2025-01-21 01:50:05 CET.

Flavor Version Tinstall Tcheck Ttotal Status Flags
r-devel-linux-x86_64-debian-clang 0.1.3 2.23 31.58 33.81 OK
r-devel-linux-x86_64-debian-gcc 0.1.3 1.75 26.17 27.92 OK
r-devel-linux-x86_64-fedora-clang 0.1.3 57.62 OK
r-devel-linux-x86_64-fedora-gcc 0.1.3 72.14 OK
r-devel-windows-x86_64 0.1.3 3.00 57.00 60.00 OK
r-patched-linux-x86_64 0.1.3 2.28 30.27 32.55 NOTE
r-release-linux-x86_64 0.1.3 2.00 30.50 32.50 NOTE
r-release-macos-arm64 0.1.3 25.00 NOTE
r-release-macos-x86_64 0.1.3 39.00 NOTE
r-release-windows-x86_64 0.1.3 3.00 61.00 64.00 NOTE
r-oldrel-macos-arm64 0.1.3 28.00 NOTE
r-oldrel-macos-x86_64 0.1.3 40.00 NOTE
r-oldrel-windows-x86_64 0.1.3 4.00 59.00 63.00 NOTE

Check Details

Version: 0.1.3
Check: LazyData
Result: NOTE 'LazyData' is specified without a 'data' directory Flavors: r-patched-linux-x86_64, r-release-linux-x86_64, r-release-macos-arm64, r-release-macos-x86_64, r-release-windows-x86_64, r-oldrel-macos-arm64, r-oldrel-macos-x86_64, r-oldrel-windows-x86_64