Last updated on 2022-06-25 17:51:36 CEST.
Flavor | Version | Tinstall | Tcheck | Ttotal | Status | Flags |
---|---|---|---|---|---|---|
r-devel-linux-x86_64-debian-clang | 0.3.2 | 74.04 | 214.99 | 289.03 | OK | |
r-devel-linux-x86_64-debian-gcc | 0.3.2 | 62.74 | 179.72 | 242.46 | OK | |
r-devel-linux-x86_64-fedora-clang | 0.3.2 | 375.71 | OK | |||
r-devel-linux-x86_64-fedora-gcc | 0.3.2 | 352.81 | OK | |||
r-devel-windows-x86_64 | 0.3.2 | 126.00 | 299.00 | 425.00 | OK | |
r-patched-linux-x86_64 | 0.3.2 | 68.76 | 194.99 | 263.75 | OK | |
r-release-linux-x86_64 | 0.3.2 | 69.14 | 203.06 | 272.20 | OK | |
r-release-macos-arm64 | 0.3.2 | 90.00 | OK | |||
r-release-macos-x86_64 | 0.3.2 | 159.00 | OK | |||
r-release-windows-x86_64 | 0.3.2 | 126.00 | 307.00 | 433.00 | OK | |
r-oldrel-macos-arm64 | 0.3.2 | 101.00 | NOTE | |||
r-oldrel-macos-x86_64 | 0.3.2 | 116.00 | OK | |||
r-oldrel-windows-ix86+x86_64 | 0.3.2 | 188.00 | 383.00 | 571.00 | OK |
Version: 0.3.2
Check: installed package size
Result: NOTE
installed size is 5.2Mb
sub-directories of 1Mb or more:
libs 4.1Mb
Flavor: r-oldrel-macos-arm64