CRAN Package Check Results for Package phenomap

Last updated on 2018-02-26 03:49:08 CET.

Flavor Version Tinstall Tcheck Ttotal Status Flags
r-devel-linux-x86_64-debian-clang 1.2.0 4.34 64.47 68.81 OK
r-devel-linux-x86_64-debian-gcc 1.2.0 4.96 58.87 63.83 OK
r-devel-linux-x86_64-fedora-clang 1.2.0 97.86 OK
r-devel-linux-x86_64-fedora-gcc 1.2.0 90.41 OK
r-devel-windows-ix86+x86_64 1.2.0 16.00 115.00 131.00 OK
r-patched-linux-x86_64 1.2.0 5.54 77.64 83.18 OK
r-patched-solaris-x86 1.2.0 125.20 OK
r-release-linux-x86_64 1.2.0 3.63 74.62 78.25 OK
r-release-windows-ix86+x86_64 1.2.0 14.00 78.00 92.00 OK
r-release-osx-x86_64 1.2.0 OK
r-oldrel-osx-x86_64 1.0.1 ERROR

Check Details

Version: 1.0.1
Check: whether package can be installed
Result: ERROR
    Installation failed.
Flavor: r-oldrel-osx-x86_64